{"id":33968,"date":"2018-12-03T13:25:36","date_gmt":"2018-12-03T16:25:36","guid":{"rendered":"http:\/\/aepetba.org.br\/web\/?page_id=33968"},"modified":"2021-03-23T13:28:49","modified_gmt":"2021-03-23T16:28:49","slug":"associado-ativo","status":"publish","type":"page","link":"https:\/\/aepetba.org.br\/v1\/associado-ativo\/","title":{"rendered":"ASSOCIADO ATIVO"},"content":{"rendered":"<div role=\"form\" class=\"wpcf7\" id=\"wpcf7-f33967-o1\" lang=\"pt-BR\" dir=\"ltr\">\n<div class=\"screen-reader-response\"><p role=\"status\" aria-live=\"polite\" aria-atomic=\"true\"><\/p> <ul><\/ul><\/div>\n<form action=\"\/v1\/wp-json\/wp\/v2\/pages\/33968#wpcf7-f33967-o1\" method=\"post\" class=\"wpcf7-form init\" enctype=\"multipart\/form-data\" novalidate=\"novalidate\" data-status=\"init\">\n<div style=\"display: none;\">\n<input type=\"hidden\" name=\"_wpcf7\" value=\"33967\" \/>\n<input type=\"hidden\" name=\"_wpcf7_version\" value=\"5.5.6\" \/>\n<input type=\"hidden\" name=\"_wpcf7_locale\" value=\"pt_BR\" \/>\n<input type=\"hidden\" name=\"_wpcf7_unit_tag\" value=\"wpcf7-f33967-o1\" \/>\n<input type=\"hidden\" name=\"_wpcf7_container_post\" value=\"0\" \/>\n<input type=\"hidden\" name=\"_wpcf7_posted_data_hash\" value=\"\" \/>\n<input type=\"hidden\" name=\"_wpcf7_recaptcha_response\" value=\"\" \/>\n<\/div>\n<div style=\"overflow-x:auto;\">\n<table>\n<thead>\n<tr>\n<th colspan=\"4\">INSCRI\u00c7\u00c3O DE S\u00d3CIO ATIVO<\/th>\n<\/tr>\n<\/thead>\n<tfoot>\n<tr>\n<td colspan=\"4\"><strong>AUTORIZA\u00c7\u00c3O PARA DESCONTO<\/strong><\/td>\n<\/tr>\n<tr>\n<td colspan=\"4\">Autorizo  a descontar em folha o valor relativo \u00e0  mensalidade da AEPET, definido pelo estatuto da entidade, o que somente poder\u00e1 ser revogado pela AEPET, ap\u00f3s comunica\u00e7\u00e3o por escrito de minha parte.<\/td>\n<\/tr>\n<tr>\n<td colspan=\"4\"><span class=\"wpcf7-form-control-wrap autorizo-ativo\"><span class=\"wpcf7-form-control wpcf7-checkbox wpcf7-validates-as-required wpcf7-exclusive-checkbox\"><span class=\"wpcf7-list-item first last\"><input type=\"checkbox\" name=\"autorizo-ativo\" value=\"Sim, Autorizo o desconto.\" \/><span class=\"wpcf7-list-item-label\">Sim, Autorizo o desconto.<\/span><\/span><\/span><\/span><\/td>\n<\/tr>\n<\/tr>\n<\/tfoot>\n<tbody>\n<tr>\n<td> Motivo da Filia\u00e7\u00e3o:<\/td>\n<td>Nome:<\/td>\n<td>CPF:<\/td>\n<td>Data Nascimento:<\/td>\n<\/tr>\n<tr>\n<td><span class=\"wpcf7-form-control-wrap motivo-ativo\"><input type=\"text\" name=\"motivo-ativo\" value=\"\" size=\"40\" class=\"wpcf7-form-control wpcf7-text wpcf7-validates-as-required\" aria-required=\"true\" aria-invalid=\"false\" \/><\/span><\/td>\n<td><span class=\"wpcf7-form-control-wrap nome-ativo\"><input type=\"text\" name=\"nome-ativo\" value=\"\" size=\"40\" class=\"wpcf7-form-control wpcf7-text wpcf7-validates-as-required\" aria-required=\"true\" aria-invalid=\"false\" \/><\/span><\/td>\n<td><span class=\"wpcf7-form-control-wrap cpf-ativo\"><input type=\"number\" name=\"cpf-ativo\" value=\"\" class=\"wpcf7-form-control wpcf7-number wpcf7-validates-as-required wpcf7-validates-as-number\" aria-required=\"true\" aria-invalid=\"false\" \/><\/span><\/td>\n<td><span class=\"wpcf7-form-control-wrap nascimento-ativo\"><input type=\"date\" name=\"nascimento-ativo\" value=\"\" class=\"wpcf7-form-control wpcf7-date wpcf7-validates-as-required wpcf7-validates-as-date\" aria-required=\"true\" aria-invalid=\"false\" \/><\/span><\/td>\n<\/tr>\n<tr>\n<td>Nacionalidade:<\/td>\n<td>Naturalidade:<\/td>\n<td>Sexo:<\/td>\n<td>Estado Civil:<\/td>\n<\/tr>\n<tr>\n<td><span class=\"wpcf7-form-control-wrap nacionalidade-ativo\"><input type=\"text\" name=\"nacionalidade-ativo\" value=\"\" size=\"40\" class=\"wpcf7-form-control wpcf7-text wpcf7-validates-as-required\" aria-required=\"true\" aria-invalid=\"false\" \/><\/span><\/td>\n<td><span class=\"wpcf7-form-control-wrap naturalidade-ativo\"><input type=\"text\" name=\"naturalidade-ativo\" value=\"\" size=\"40\" class=\"wpcf7-form-control wpcf7-text wpcf7-validates-as-required\" aria-required=\"true\" aria-invalid=\"false\" \/><\/span><\/td>\n<td><span class=\"wpcf7-form-control-wrap sexo-ativo\"><span class=\"wpcf7-form-control wpcf7-radio\"><span class=\"wpcf7-list-item first\"><label><input type=\"radio\" name=\"sexo-ativo\" value=\"Feminino\" checked=\"checked\" \/><span class=\"wpcf7-list-item-label\">Feminino<\/span><\/label><\/span><span class=\"wpcf7-list-item last\"><label><input type=\"radio\" name=\"sexo-ativo\" value=\"Masculino\" \/><span class=\"wpcf7-list-item-label\">Masculino<\/span><\/label><\/span><\/span><\/span><\/td>\n<td><span class=\"wpcf7-form-control-wrap estadocivil-ativo\"><select name=\"estadocivil-ativo\" class=\"wpcf7-form-control wpcf7-select wpcf7-validates-as-required\" aria-required=\"true\" aria-invalid=\"false\"><option value=\"\">---<\/option><option value=\"Solteiro(a)\">Solteiro(a)<\/option><option value=\"Casado(a)\">Casado(a)<\/option><option value=\"Vi\u00favo(a)\">Vi\u00favo(a)<\/option><option value=\"Outros\">Outros<\/option><\/select><\/span><\/td>\n<\/tr>\n<tr>\n<td>Profiss\u00e3o:<\/td>\n<td>Curso de Forma\u00e7\u00e3o:<\/td>\n<td>Identidade RG:<\/td>\n<td>\u00d3rg\u00e3o Expedi\u00e7\u00e3o:<\/td>\n<\/tr>\n<tr>\n<td><span class=\"wpcf7-form-control-wrap profissao-ativo\"><input type=\"text\" name=\"profissao-ativo\" value=\"\" size=\"40\" class=\"wpcf7-form-control wpcf7-text wpcf7-validates-as-required\" aria-required=\"true\" aria-invalid=\"false\" \/><\/span><\/td>\n<td><span class=\"wpcf7-form-control-wrap curso-ativo\"><input type=\"text\" name=\"curso-ativo\" value=\"\" size=\"40\" class=\"wpcf7-form-control wpcf7-text wpcf7-validates-as-required\" aria-required=\"true\" aria-invalid=\"false\" \/><\/span><\/td>\n<td><span class=\"wpcf7-form-control-wrap rg-ativo\"><input type=\"number\" name=\"rg-ativo\" value=\"\" class=\"wpcf7-form-control wpcf7-number wpcf7-validates-as-required wpcf7-validates-as-number\" aria-required=\"true\" aria-invalid=\"false\" \/><\/span><\/td>\n<td><span class=\"wpcf7-form-control-wrap orgexp-ativo\"><input type=\"text\" name=\"orgexp-ativo\" value=\"\" size=\"40\" class=\"wpcf7-form-control wpcf7-text wpcf7-validates-as-required\" aria-required=\"true\" aria-invalid=\"false\" \/><\/span><\/td>\n<\/tr>\n<tr>\n<td>Estabelecimento de Ensino:<\/td>\n<td>Ano de Conclus\u00e3o:<\/td>\n<td>Empresa em que trabalha:<\/td>\n<td>Nivel na Empresa:<\/td>\n<\/tr>\n<tr>\n<td><span class=\"wpcf7-form-control-wrap ensino-ativo\"><input type=\"text\" name=\"ensino-ativo\" value=\"\" size=\"40\" class=\"wpcf7-form-control wpcf7-text wpcf7-validates-as-required\" aria-required=\"true\" aria-invalid=\"false\" \/><\/span><\/td>\n<td><span class=\"wpcf7-form-control-wrap anoensino-ativo\"><input type=\"number\" name=\"anoensino-ativo\" value=\"\" class=\"wpcf7-form-control wpcf7-number wpcf7-validates-as-required wpcf7-validates-as-number\" aria-required=\"true\" aria-invalid=\"false\" \/><\/span><\/td>\n<td><span class=\"wpcf7-form-control-wrap empresa-ativo\"><input type=\"text\" name=\"empresa-ativo\" value=\"\" size=\"40\" class=\"wpcf7-form-control wpcf7-text wpcf7-validates-as-required\" aria-required=\"true\" aria-invalid=\"false\" \/><\/span><\/td>\n<td><span class=\"wpcf7-form-control-wrap nivel-ativo\"><select name=\"nivel-ativo\" class=\"wpcf7-form-control wpcf7-select wpcf7-validates-as-required\" aria-required=\"true\" aria-invalid=\"false\"><option value=\"\">---<\/option><option value=\"M\u00e9dio\">M\u00e9dio<\/option><option value=\"Superior\">Superior<\/option><\/select><\/span><\/td>\n<\/tr>\n<tr>\n<td>Cargo que exerce na Empresa:<\/td>\n<td>Matr\u00edcula Petrobras:<\/td>\n<td>Matr\u00edcula Petros:<\/td>\n<td>Data de Admiss\u00e3o na Empresa:<\/td>\n<\/tr>\n<tr>\n<td><span class=\"wpcf7-form-control-wrap cargo-ativo\"><input type=\"text\" name=\"cargo-ativo\" value=\"\" size=\"40\" class=\"wpcf7-form-control wpcf7-text wpcf7-validates-as-required\" aria-required=\"true\" aria-invalid=\"false\" \/><\/span><\/td>\n<td><span class=\"wpcf7-form-control-wrap matricula-petrobras-ativo\"><input type=\"text\" name=\"matricula-petrobras-ativo\" value=\"\" size=\"40\" class=\"wpcf7-form-control wpcf7-text wpcf7-validates-as-required\" aria-required=\"true\" aria-invalid=\"false\" \/><\/span><\/td>\n<td><span class=\"wpcf7-form-control-wrap matricula-petros-ativo\"><input type=\"text\" name=\"matricula-petros-ativo\" value=\"\" size=\"40\" class=\"wpcf7-form-control wpcf7-text wpcf7-validates-as-required\" aria-required=\"true\" aria-invalid=\"false\" \/><\/span><\/td>\n<td><span class=\"wpcf7-form-control-wrap date-admissao-ativo\"><input type=\"date\" name=\"date-admissao-ativo\" value=\"\" class=\"wpcf7-form-control wpcf7-date wpcf7-validates-as-required wpcf7-validates-as-date\" aria-required=\"true\" aria-invalid=\"false\" \/><\/span><\/td>\n<\/tr>\n<tr>\n<td colspan=\"2\">Lota\u00e7\u00e3o (\u00d3rg\u00e3o\/Divis\u00e3o\/Setor):<\/td>\n<td colspan=\"2\">\u00d3rg\u00e3o pagador:<\/td>\n<\/tr>\n<tr>\n<td colspan=\"2\"><span class=\"wpcf7-form-control-wrap lotacao-ativo\"><input type=\"text\" name=\"lotacao-ativo\" value=\"\" size=\"40\" class=\"wpcf7-form-control wpcf7-text wpcf7-validates-as-required\" aria-required=\"true\" aria-invalid=\"false\" \/><\/span><\/td>\n<td colspan=\"2\"><span class=\"wpcf7-form-control-wrap pagador-ativo\"><input type=\"text\" name=\"pagador-ativo\" value=\"\" size=\"40\" class=\"wpcf7-form-control wpcf7-text wpcf7-validates-as-required\" aria-required=\"true\" aria-invalid=\"false\" \/><\/span><\/td>\n<\/tr>\n<tr>\n<td colspan=\"3\">Endere\u00e7o para correspond\u00eancia (Rua\/N\u00ba\/Complemento):<\/td>\n<td colspan=\"1\">CEP:<\/td>\n<\/tr>\n<tr>\n<td colspan=\"3\"><span class=\"wpcf7-form-control-wrap endereco-ativo\"><input type=\"text\" name=\"endereco-ativo\" value=\"\" size=\"40\" class=\"wpcf7-form-control wpcf7-text wpcf7-validates-as-required\" aria-required=\"true\" aria-invalid=\"false\" \/><\/span><\/td>\n<td colspan=\"1\"><span class=\"wpcf7-form-control-wrap cep-ativo\"><input type=\"text\" name=\"cep-ativo\" value=\"\" size=\"40\" class=\"wpcf7-form-control wpcf7-text wpcf7-validates-as-required\" aria-required=\"true\" aria-invalid=\"false\" \/><\/span><\/td>\n<\/tr>\n<tr>\n<td> Bairro:<\/td>\n<td>Cidade:<\/td>\n<td>Estado:<\/td>\n<td>Telefone Residencial (com DDD):<\/td>\n<\/tr>\n<tr>\n<td><span class=\"wpcf7-form-control-wrap bairro-ativo\"><input type=\"text\" name=\"bairro-ativo\" value=\"\" size=\"40\" class=\"wpcf7-form-control wpcf7-text wpcf7-validates-as-required\" aria-required=\"true\" aria-invalid=\"false\" \/><\/span><\/td>\n<td><span class=\"wpcf7-form-control-wrap cidade-ativo\"><input type=\"text\" name=\"cidade-ativo\" value=\"\" size=\"40\" class=\"wpcf7-form-control wpcf7-text wpcf7-validates-as-required\" aria-required=\"true\" aria-invalid=\"false\" \/><\/span><\/td>\n<td><span class=\"wpcf7-form-control-wrap uf-ativo\"><input type=\"text\" name=\"uf-ativo\" value=\"\" size=\"40\" class=\"wpcf7-form-control wpcf7-text wpcf7-validates-as-required\" aria-required=\"true\" aria-invalid=\"false\" \/><\/span><\/td>\n<td><span class=\"wpcf7-form-control-wrap tel-fixo-ativo\"><input type=\"tel\" name=\"tel-fixo-ativo\" value=\"\" size=\"40\" class=\"wpcf7-form-control wpcf7-text wpcf7-tel wpcf7-validates-as-required wpcf7-validates-as-tel\" aria-required=\"true\" aria-invalid=\"false\" \/><\/span><\/td>\n<\/tr>\n<tr>\n<td colspan=\"1\">Telefone Empresa (com DDD):<\/td>\n<td colspan=\"1\">Celular (com DDD):<\/td>\n<td colspan=\"2\">E-mail:<\/td>\n<\/tr>\n<tr>\n<td colspan=\"1\"><span class=\"wpcf7-form-control-wrap tel-empresa-ativo\"><input type=\"tel\" name=\"tel-empresa-ativo\" value=\"\" size=\"40\" class=\"wpcf7-form-control wpcf7-text wpcf7-tel wpcf7-validates-as-required wpcf7-validates-as-tel\" aria-required=\"true\" aria-invalid=\"false\" \/><\/span><\/td>\n<td colspan=\"1\"><span class=\"wpcf7-form-control-wrap tel-celular-ativo\"><input type=\"tel\" name=\"tel-celular-ativo\" value=\"\" size=\"40\" class=\"wpcf7-form-control wpcf7-text wpcf7-tel wpcf7-validates-as-required wpcf7-validates-as-tel\" aria-required=\"true\" aria-invalid=\"false\" \/><\/span><\/td>\n<td colspan=\"2\"><span class=\"wpcf7-form-control-wrap email-ativo\"><input type=\"email\" name=\"email-ativo\" value=\"\" size=\"40\" class=\"wpcf7-form-control wpcf7-text wpcf7-email wpcf7-validates-as-required wpcf7-validates-as-email\" aria-required=\"true\" aria-invalid=\"false\" \/><\/span><\/td>\n<\/tr>\n<\/tbody>\n<\/table>\n<h2>Anexe a ficha de inscri\u00e7\u00e3o preenchida e assinada (obrigat\u00f3rio)<\/h2>\n<p><span class=\"wpcf7-form-control-wrap ficha-ativo\"><input type=\"file\" name=\"ficha-ativo\" size=\"40\" class=\"wpcf7-form-control wpcf7-file wpcf7-validates-as-required\" accept=\".pdf,.jpg,.jpeg,.png\" aria-required=\"true\" aria-invalid=\"false\" \/><\/span><\/p>\n<h2>Anexe a c\u00f3pia ou foto do seu diploma de n\u00edvel superior, se seu cargo na Petrobr\u00e1s for de n\u00edvel m\u00e9dio.<\/h2>\n<p><span class=\"wpcf7-form-control-wrap diploma-ativo\"><input type=\"file\" name=\"diploma-ativo\" size=\"40\" class=\"wpcf7-form-control wpcf7-file\" accept=\".pdf,.jpg,.jpeg,.png\" aria-invalid=\"false\" \/><\/span><br \/>\n<input type=\"submit\" value=\"Enviar\" class=\"wpcf7-form-control has-spinner wpcf7-submit\" \/>\n<\/p><\/div>\n<div class=\"wpcf7-response-output\" aria-hidden=\"true\"><\/div><\/form><\/div>\n","protected":false},"excerpt":{"rendered":"INSCRI\u00c7\u00c3O DE S\u00d3CIO ATIVO AUTORIZA\u00c7\u00c3O PARA DESCONTO Autorizo a descontar em folha o valor relativo \u00e0 mensalidade da AEPET, definido pelo estatuto da entidade, o que somente poder\u00e1 ser revogado pela AEPET, ap\u00f3s comunica\u00e7\u00e3o por escrito de minha parte. Sim,...","protected":false},"author":1,"featured_media":0,"parent":0,"menu_order":0,"comment_status":"closed","ping_status":"closed","template":"","meta":[],"yoast_head":"<!-- This site is optimized with the Yoast SEO plugin v19.3 - https:\/\/yoast.com\/wordpress\/plugins\/seo\/ -->\n<title>ASSOCIADO ATIVO - AEPET N\u00daCLEO BAHIA<\/title>\n<meta name=\"robots\" content=\"index, follow, max-snippet:-1, max-image-preview:large, max-video-preview:-1\" \/>\n<link rel=\"canonical\" href=\"https:\/\/aepetba.org.br\/v1\/associado-ativo\/\" \/>\n<meta property=\"og:locale\" content=\"pt_BR\" \/>\n<meta property=\"og:type\" content=\"article\" \/>\n<meta property=\"og:title\" content=\"ASSOCIADO ATIVO - AEPET N\u00daCLEO BAHIA\" \/>\n<meta property=\"og:url\" content=\"https:\/\/aepetba.org.br\/v1\/associado-ativo\/\" \/>\n<meta property=\"og:site_name\" content=\"AEPET N\u00daCLEO BAHIA\" \/>\n<meta property=\"article:publisher\" content=\"https:\/\/web.facebook.com\/aepetba\" \/>\n<meta property=\"article:modified_time\" content=\"2021-03-23T16:28:49+00:00\" \/>\n<meta name=\"twitter:card\" content=\"summary_large_image\" \/>\n<meta name=\"twitter:site\" content=\"@aepetbahia\" \/>\n<script type=\"application\/ld+json\" class=\"yoast-schema-graph\">{\"@context\":\"https:\/\/schema.org\",\"@graph\":[{\"@type\":\"Organization\",\"@id\":\"https:\/\/aepetba.org.br\/v1\/#organization\",\"name\":\"AEPET N\u00facleo Bahia\",\"url\":\"https:\/\/aepetba.org.br\/v1\/\",\"sameAs\":[\"https:\/\/www.instagram.com\/aepetbahia\/\",\"https:\/\/www.youtube.com\/c\/AEPETBAHIA\",\"https:\/\/web.facebook.com\/aepetba\",\"https:\/\/twitter.com\/aepetbahia\"],\"logo\":{\"@type\":\"ImageObject\",\"inLanguage\":\"pt-BR\",\"@id\":\"https:\/\/aepetba.org.br\/v1\/#\/schema\/logo\/image\/\",\"url\":\"https:\/\/aepetba.org.br\/v1\/wp-content\/uploads\/revslider\/home\/logo-AEPETBA.png\",\"contentUrl\":\"https:\/\/aepetba.org.br\/v1\/wp-content\/uploads\/revslider\/home\/logo-AEPETBA.png\",\"width\":297,\"height\":86,\"caption\":\"AEPET N\u00facleo Bahia\"},\"image\":{\"@id\":\"https:\/\/aepetba.org.br\/v1\/#\/schema\/logo\/image\/\"}},{\"@type\":\"WebSite\",\"@id\":\"https:\/\/aepetba.org.br\/v1\/#website\",\"url\":\"https:\/\/aepetba.org.br\/v1\/\",\"name\":\"AEPET N\u00daCLEO BAHIA\",\"description\":\"Associa\u00e7\u00e3o dos Engenheiros da Petrobr\u00e1s N\u00facleo Bahia Petr\u00f3leo Bahia Salvador Nordeste \",\"publisher\":{\"@id\":\"https:\/\/aepetba.org.br\/v1\/#organization\"},\"potentialAction\":[{\"@type\":\"SearchAction\",\"target\":{\"@type\":\"EntryPoint\",\"urlTemplate\":\"https:\/\/aepetba.org.br\/v1\/?s={search_term_string}\"},\"query-input\":\"required name=search_term_string\"}],\"inLanguage\":\"pt-BR\"},{\"@type\":\"WebPage\",\"@id\":\"https:\/\/aepetba.org.br\/v1\/associado-ativo\/\",\"url\":\"https:\/\/aepetba.org.br\/v1\/associado-ativo\/\",\"name\":\"ASSOCIADO ATIVO - AEPET N\u00daCLEO BAHIA\",\"isPartOf\":{\"@id\":\"https:\/\/aepetba.org.br\/v1\/#website\"},\"datePublished\":\"2018-12-03T16:25:36+00:00\",\"dateModified\":\"2021-03-23T16:28:49+00:00\",\"breadcrumb\":{\"@id\":\"https:\/\/aepetba.org.br\/v1\/associado-ativo\/#breadcrumb\"},\"inLanguage\":\"pt-BR\",\"potentialAction\":[{\"@type\":\"ReadAction\",\"target\":[\"https:\/\/aepetba.org.br\/v1\/associado-ativo\/\"]}]},{\"@type\":\"BreadcrumbList\",\"@id\":\"https:\/\/aepetba.org.br\/v1\/associado-ativo\/#breadcrumb\",\"itemListElement\":[{\"@type\":\"ListItem\",\"position\":1,\"name\":\"In\u00edcio\",\"item\":\"https:\/\/aepetba.org.br\/v1\/\"},{\"@type\":\"ListItem\",\"position\":2,\"name\":\"ASSOCIADO ATIVO\"}]}]}<\/script>\n<!-- \/ Yoast SEO plugin. -->","yoast_head_json":{"title":"ASSOCIADO ATIVO - AEPET N\u00daCLEO BAHIA","robots":{"index":"index","follow":"follow","max-snippet":"max-snippet:-1","max-image-preview":"max-image-preview:large","max-video-preview":"max-video-preview:-1"},"canonical":"https:\/\/aepetba.org.br\/v1\/associado-ativo\/","og_locale":"pt_BR","og_type":"article","og_title":"ASSOCIADO ATIVO - AEPET N\u00daCLEO BAHIA","og_url":"https:\/\/aepetba.org.br\/v1\/associado-ativo\/","og_site_name":"AEPET N\u00daCLEO BAHIA","article_publisher":"https:\/\/web.facebook.com\/aepetba","article_modified_time":"2021-03-23T16:28:49+00:00","twitter_card":"summary_large_image","twitter_site":"@aepetbahia","schema":{"@context":"https:\/\/schema.org","@graph":[{"@type":"Organization","@id":"https:\/\/aepetba.org.br\/v1\/#organization","name":"AEPET N\u00facleo Bahia","url":"https:\/\/aepetba.org.br\/v1\/","sameAs":["https:\/\/www.instagram.com\/aepetbahia\/","https:\/\/www.youtube.com\/c\/AEPETBAHIA","https:\/\/web.facebook.com\/aepetba","https:\/\/twitter.com\/aepetbahia"],"logo":{"@type":"ImageObject","inLanguage":"pt-BR","@id":"https:\/\/aepetba.org.br\/v1\/#\/schema\/logo\/image\/","url":"https:\/\/aepetba.org.br\/v1\/wp-content\/uploads\/revslider\/home\/logo-AEPETBA.png","contentUrl":"https:\/\/aepetba.org.br\/v1\/wp-content\/uploads\/revslider\/home\/logo-AEPETBA.png","width":297,"height":86,"caption":"AEPET N\u00facleo Bahia"},"image":{"@id":"https:\/\/aepetba.org.br\/v1\/#\/schema\/logo\/image\/"}},{"@type":"WebSite","@id":"https:\/\/aepetba.org.br\/v1\/#website","url":"https:\/\/aepetba.org.br\/v1\/","name":"AEPET N\u00daCLEO BAHIA","description":"Associa\u00e7\u00e3o dos Engenheiros da Petrobr\u00e1s N\u00facleo Bahia Petr\u00f3leo Bahia Salvador Nordeste ","publisher":{"@id":"https:\/\/aepetba.org.br\/v1\/#organization"},"potentialAction":[{"@type":"SearchAction","target":{"@type":"EntryPoint","urlTemplate":"https:\/\/aepetba.org.br\/v1\/?s={search_term_string}"},"query-input":"required name=search_term_string"}],"inLanguage":"pt-BR"},{"@type":"WebPage","@id":"https:\/\/aepetba.org.br\/v1\/associado-ativo\/","url":"https:\/\/aepetba.org.br\/v1\/associado-ativo\/","name":"ASSOCIADO ATIVO - AEPET N\u00daCLEO BAHIA","isPartOf":{"@id":"https:\/\/aepetba.org.br\/v1\/#website"},"datePublished":"2018-12-03T16:25:36+00:00","dateModified":"2021-03-23T16:28:49+00:00","breadcrumb":{"@id":"https:\/\/aepetba.org.br\/v1\/associado-ativo\/#breadcrumb"},"inLanguage":"pt-BR","potentialAction":[{"@type":"ReadAction","target":["https:\/\/aepetba.org.br\/v1\/associado-ativo\/"]}]},{"@type":"BreadcrumbList","@id":"https:\/\/aepetba.org.br\/v1\/associado-ativo\/#breadcrumb","itemListElement":[{"@type":"ListItem","position":1,"name":"In\u00edcio","item":"https:\/\/aepetba.org.br\/v1\/"},{"@type":"ListItem","position":2,"name":"ASSOCIADO ATIVO"}]}]}},"_links":{"self":[{"href":"https:\/\/aepetba.org.br\/v1\/wp-json\/wp\/v2\/pages\/33968"}],"collection":[{"href":"https:\/\/aepetba.org.br\/v1\/wp-json\/wp\/v2\/pages"}],"about":[{"href":"https:\/\/aepetba.org.br\/v1\/wp-json\/wp\/v2\/types\/page"}],"author":[{"embeddable":true,"href":"https:\/\/aepetba.org.br\/v1\/wp-json\/wp\/v2\/users\/1"}],"replies":[{"embeddable":true,"href":"https:\/\/aepetba.org.br\/v1\/wp-json\/wp\/v2\/comments?post=33968"}],"version-history":[{"count":1,"href":"https:\/\/aepetba.org.br\/v1\/wp-json\/wp\/v2\/pages\/33968\/revisions"}],"predecessor-version":[{"id":35701,"href":"https:\/\/aepetba.org.br\/v1\/wp-json\/wp\/v2\/pages\/33968\/revisions\/35701"}],"wp:attachment":[{"href":"https:\/\/aepetba.org.br\/v1\/wp-json\/wp\/v2\/media?parent=33968"}],"curies":[{"name":"wp","href":"https:\/\/api.w.org\/{rel}","templated":true}]}}