{"id":36002,"date":"2021-05-18T15:18:22","date_gmt":"2021-05-18T18:18:22","guid":{"rendered":"https:\/\/aepetba.org.br\/v1\/?page_id=36002"},"modified":"2022-06-09T19:54:49","modified_gmt":"2022-06-09T22:54:49","slug":"aepet-cast-audio-materias-e-entrevistas","status":"publish","type":"page","link":"https:\/\/aepetba.org.br\/v1\/aepet-cast-audio-materias-e-entrevistas\/","title":{"rendered":"AEPET CAST &#8211; \u00c1UDIO-MAT\u00c9RIAS E ENTREVISTAS"},"content":{"rendered":"<p>[vc_row][vc_column][vc_column_text]<\/p>\n<h2>Entrevista Programa Faixa Livre: <span class=\"JsGRdQ\">Presidente da AEPET-BA fala sobre aumento dos combust\u00edveis<\/span><\/h2>\n<p>09\/05\/2022<\/p>\n<!--[if lt IE 9]><script>document.createElement('audio');<\/script><![endif]-->\n<audio class=\"wp-audio-shortcode\" id=\"audio-36002-1\" preload=\"none\" style=\"width: 100%;\" controls=\"controls\"><source type=\"audio\/mpeg\" src=\"https:\/\/aepetba.org.br\/v1\/wp-content\/uploads\/2022\/05\/03-Entrevista-Marcos-Andre-dos-Santos-09-05-2022.mp3?_=1\" \/><a href=\"https:\/\/aepetba.org.br\/v1\/wp-content\/uploads\/2022\/05\/03-Entrevista-Marcos-Andre-dos-Santos-09-05-2022.mp3\">https:\/\/aepetba.org.br\/v1\/wp-content\/uploads\/2022\/05\/03-Entrevista-Marcos-Andre-dos-Santos-09-05-2022.mp3<\/a><\/audio>\n<p>[\/vc_column_text][vc_empty_space][vc_zigzag color=&#8221;custom&#8221; custom_color=&#8221;#3bbf86&#8243;][vc_empty_space][\/vc_column][\/vc_row][vc_row][vc_column][vc_column_text]<\/p>\n<h2>Entrevista Programa Faixa Livre: <span class=\"JsGRdQ\">Presidente da AEPET-BA denuncia entrega da RLAM\u00a0<\/span><span class=\"JsGRdQ\">a Fundo \u00c1rabe<\/span><\/h2>\n<p>07\/12\/2021<\/p>\n<audio class=\"wp-audio-shortcode\" id=\"audio-36002-2\" preload=\"none\" style=\"width: 100%;\" controls=\"controls\"><source type=\"audio\/mpeg\" src=\"https:\/\/aepetba.org.br\/v1\/wp-content\/uploads\/2021\/12\/03-Entrevista-Marcos-Andre-07-12-2021.mp3?_=2\" \/><a href=\"https:\/\/aepetba.org.br\/v1\/wp-content\/uploads\/2021\/12\/03-Entrevista-Marcos-Andre-07-12-2021.mp3\">https:\/\/aepetba.org.br\/v1\/wp-content\/uploads\/2021\/12\/03-Entrevista-Marcos-Andre-07-12-2021.mp3<\/a><\/audio>\n<p>[\/vc_column_text][vc_empty_space][vc_zigzag color=&#8221;custom&#8221; custom_color=&#8221;#3bbf86&#8243;][vc_empty_space][\/vc_column][\/vc_row][vc_row][vc_column][vc_column_text]<\/p>\n<h2>3\u00ba Bate-Papo: a situa\u00e7\u00e3o dos empregados da Petrobr\u00e1s lotados no Conjunto Pituba \u00e9 grave e urgente e n\u00e3o pode ser tratada de forma individual<\/h2>\n<p>20\/05\/2021<\/p>\n<audio class=\"wp-audio-shortcode\" id=\"audio-36002-3\" preload=\"none\" style=\"width: 100%;\" controls=\"controls\"><source type=\"audio\/mpeg\" src=\"https:\/\/aepetba.org.br\/v1\/wp-content\/uploads\/2021\/05\/Audio-materia-bate-papo-torre-pituba.mp3?_=3\" \/><a href=\"https:\/\/aepetba.org.br\/v1\/wp-content\/uploads\/2021\/05\/Audio-materia-bate-papo-torre-pituba.mp3\">https:\/\/aepetba.org.br\/v1\/wp-content\/uploads\/2021\/05\/Audio-materia-bate-papo-torre-pituba.mp3<\/a><\/audio>\n<p>[\/vc_column_text][vc_empty_space][vc_zigzag color=&#8221;custom&#8221; custom_color=&#8221;#3bbf86&#8243;][vc_empty_space][\/vc_column][\/vc_row][vc_row][vc_column][vc_column_text]<\/p>\n<h2 class=\"title single-blog\">Maio Baiano: presidente da AEPET-BA Marcos Andr\u00e9 dos Santos \u00e9 homenageado em ato simb\u00f3lico, em Salvador<\/h2>\n<p>16\/05\/2021<\/p>\n<audio class=\"wp-audio-shortcode\" id=\"audio-36002-4\" preload=\"none\" style=\"width: 100%;\" controls=\"controls\"><source type=\"audio\/mpeg\" src=\"https:\/\/aepetba.org.br\/v1\/wp-content\/uploads\/2021\/05\/audio-materia-Maio-Baiano-AEPET-BAHIA.mp3?_=4\" \/><a href=\"https:\/\/aepetba.org.br\/v1\/wp-content\/uploads\/2021\/05\/audio-materia-Maio-Baiano-AEPET-BAHIA.mp3\">https:\/\/aepetba.org.br\/v1\/wp-content\/uploads\/2021\/05\/audio-materia-Maio-Baiano-AEPET-BAHIA.mp3<\/a><\/audio>\n<p>[\/vc_column_text][vc_empty_space][vc_zigzag color=&#8221;custom&#8221; custom_color=&#8221;#3bbf86&#8243;][vc_empty_space][\/vc_column][\/vc_row][vc_row][vc_column][vc_column_text]<\/p>\n<h2>Entrevista AEPET-BA na R\u00e1dio Metr\u00f3pole FM 101.3 &#8211; Programa do Trabalhador<\/h2>\n<p>10\/04\/2021<\/p>\n<audio class=\"wp-audio-shortcode\" id=\"audio-36002-5\" preload=\"none\" style=\"width: 100%;\" controls=\"controls\"><source type=\"audio\/mpeg\" src=\"https:\/\/aepetba.org.br\/v1\/wp-content\/uploads\/2021\/05\/entrevista-metropoleFM-Aepet-Bahia.mp3?_=5\" \/><a href=\"https:\/\/aepetba.org.br\/v1\/wp-content\/uploads\/2021\/05\/entrevista-metropoleFM-Aepet-Bahia.mp3\">https:\/\/aepetba.org.br\/v1\/wp-content\/uploads\/2021\/05\/entrevista-metropoleFM-Aepet-Bahia.mp3<\/a><\/audio>\n<p>[\/vc_column_text][vc_empty_space][vc_zigzag color=&#8221;custom&#8221; custom_color=&#8221;#3bbf86&#8243;][vc_empty_space][\/vc_column][\/vc_row]<\/p>\n","protected":false},"excerpt":{"rendered":"<p>[vc_row][vc_column][vc_column_text] Entrevista Programa Faixa Livre: Presidente da AEPET-BA fala sobre aumento dos combust\u00edveis 09\/05\/2022 [\/vc_column_text][vc_empty_space][vc_zigzag color=&#8221;custom&#8221; custom_color=&#8221;#3bbf86&#8243;][vc_empty_space][\/vc_column][\/vc_row][vc_row][vc_column][vc_column_text] Entrevista Programa Faixa Livre: Presidente da AEPET-BA denuncia entrega da RLAM\u00a0a Fundo \u00c1rabe 07\/12\/2021 [\/vc_column_text][vc_empty_space][vc_zigzag color=&#8221;custom&#8221; custom_color=&#8221;#3bbf86&#8243;][vc_empty_space][\/vc_column][\/vc_row][vc_row][vc_column][vc_column_text] 3\u00ba Bate-Papo: a situa\u00e7\u00e3o dos empregados&#8230;<\/p>\n","protected":false},"author":1,"featured_media":0,"parent":0,"menu_order":0,"comment_status":"closed","ping_status":"closed","template":"","meta":[],"yoast_head":"<!-- This site is optimized with the Yoast SEO plugin v19.3 - https:\/\/yoast.com\/wordpress\/plugins\/seo\/ -->\n<title>AEPET CAST - \u00c1UDIO-MAT\u00c9RIAS E ENTREVISTAS - AEPET N\u00daCLEO BAHIA<\/title>\n<meta name=\"robots\" content=\"index, follow, max-snippet:-1, max-image-preview:large, max-video-preview:-1\" \/>\n<link rel=\"canonical\" href=\"https:\/\/aepetba.org.br\/v1\/aepet-cast-audio-materias-e-entrevistas\/\" \/>\n<meta property=\"og:locale\" content=\"pt_BR\" \/>\n<meta property=\"og:type\" content=\"article\" \/>\n<meta property=\"og:title\" content=\"AEPET CAST - \u00c1UDIO-MAT\u00c9RIAS E ENTREVISTAS - AEPET N\u00daCLEO BAHIA\" \/>\n<meta property=\"og:description\" content=\"[vc_row][vc_column][vc_column_text] Entrevista Programa Faixa Livre: Presidente da AEPET-BA fala sobre aumento dos combust\u00edveis 09\/05\/2022 [\/vc_column_text][vc_empty_space][vc_zigzag color=&#8221;custom&#8221; custom_color=&#8221;#3bbf86&#8243;][vc_empty_space][\/vc_column][\/vc_row][vc_row][vc_column][vc_column_text] Entrevista Programa Faixa Livre: Presidente da AEPET-BA denuncia entrega da RLAM\u00a0a Fundo \u00c1rabe 07\/12\/2021 [\/vc_column_text][vc_empty_space][vc_zigzag color=&#8221;custom&#8221; custom_color=&#8221;#3bbf86&#8243;][vc_empty_space][\/vc_column][\/vc_row][vc_row][vc_column][vc_column_text] 3\u00ba Bate-Papo: a situa\u00e7\u00e3o dos empregados...\" \/>\n<meta property=\"og:url\" content=\"https:\/\/aepetba.org.br\/v1\/aepet-cast-audio-materias-e-entrevistas\/\" \/>\n<meta property=\"og:site_name\" content=\"AEPET N\u00daCLEO BAHIA\" \/>\n<meta property=\"article:publisher\" content=\"https:\/\/web.facebook.com\/aepetba\" \/>\n<meta property=\"article:modified_time\" content=\"2022-06-09T22:54:49+00:00\" \/>\n<meta name=\"twitter:card\" content=\"summary_large_image\" \/>\n<meta name=\"twitter:site\" content=\"@aepetbahia\" \/>\n<meta name=\"twitter:label1\" content=\"Est. tempo de leitura\" \/>\n\t<meta name=\"twitter:data1\" content=\"1 minuto\" \/>\n<script type=\"application\/ld+json\" class=\"yoast-schema-graph\">{\"@context\":\"https:\/\/schema.org\",\"@graph\":[{\"@type\":\"Organization\",\"@id\":\"https:\/\/aepetba.org.br\/v1\/#organization\",\"name\":\"AEPET N\u00facleo Bahia\",\"url\":\"https:\/\/aepetba.org.br\/v1\/\",\"sameAs\":[\"https:\/\/www.instagram.com\/aepetbahia\/\",\"https:\/\/www.youtube.com\/c\/AEPETBAHIA\",\"https:\/\/web.facebook.com\/aepetba\",\"https:\/\/twitter.com\/aepetbahia\"],\"logo\":{\"@type\":\"ImageObject\",\"inLanguage\":\"pt-BR\",\"@id\":\"https:\/\/aepetba.org.br\/v1\/#\/schema\/logo\/image\/\",\"url\":\"https:\/\/aepetba.org.br\/v1\/wp-content\/uploads\/revslider\/home\/logo-AEPETBA.png\",\"contentUrl\":\"https:\/\/aepetba.org.br\/v1\/wp-content\/uploads\/revslider\/home\/logo-AEPETBA.png\",\"width\":297,\"height\":86,\"caption\":\"AEPET N\u00facleo Bahia\"},\"image\":{\"@id\":\"https:\/\/aepetba.org.br\/v1\/#\/schema\/logo\/image\/\"}},{\"@type\":\"WebSite\",\"@id\":\"https:\/\/aepetba.org.br\/v1\/#website\",\"url\":\"https:\/\/aepetba.org.br\/v1\/\",\"name\":\"AEPET N\u00daCLEO BAHIA\",\"description\":\"Associa\u00e7\u00e3o dos Engenheiros da Petrobr\u00e1s N\u00facleo Bahia Petr\u00f3leo Bahia Salvador Nordeste \",\"publisher\":{\"@id\":\"https:\/\/aepetba.org.br\/v1\/#organization\"},\"potentialAction\":[{\"@type\":\"SearchAction\",\"target\":{\"@type\":\"EntryPoint\",\"urlTemplate\":\"https:\/\/aepetba.org.br\/v1\/?s={search_term_string}\"},\"query-input\":\"required name=search_term_string\"}],\"inLanguage\":\"pt-BR\"},{\"@type\":\"WebPage\",\"@id\":\"https:\/\/aepetba.org.br\/v1\/aepet-cast-audio-materias-e-entrevistas\/\",\"url\":\"https:\/\/aepetba.org.br\/v1\/aepet-cast-audio-materias-e-entrevistas\/\",\"name\":\"AEPET CAST - \u00c1UDIO-MAT\u00c9RIAS E ENTREVISTAS - AEPET N\u00daCLEO BAHIA\",\"isPartOf\":{\"@id\":\"https:\/\/aepetba.org.br\/v1\/#website\"},\"datePublished\":\"2021-05-18T18:18:22+00:00\",\"dateModified\":\"2022-06-09T22:54:49+00:00\",\"breadcrumb\":{\"@id\":\"https:\/\/aepetba.org.br\/v1\/aepet-cast-audio-materias-e-entrevistas\/#breadcrumb\"},\"inLanguage\":\"pt-BR\",\"potentialAction\":[{\"@type\":\"ReadAction\",\"target\":[\"https:\/\/aepetba.org.br\/v1\/aepet-cast-audio-materias-e-entrevistas\/\"]}]},{\"@type\":\"BreadcrumbList\",\"@id\":\"https:\/\/aepetba.org.br\/v1\/aepet-cast-audio-materias-e-entrevistas\/#breadcrumb\",\"itemListElement\":[{\"@type\":\"ListItem\",\"position\":1,\"name\":\"In\u00edcio\",\"item\":\"https:\/\/aepetba.org.br\/v1\/\"},{\"@type\":\"ListItem\",\"position\":2,\"name\":\"AEPET CAST &#8211; \u00c1UDIO-MAT\u00c9RIAS E ENTREVISTAS\"}]}]}<\/script>\n<!-- \/ Yoast SEO plugin. -->","yoast_head_json":{"title":"AEPET CAST - \u00c1UDIO-MAT\u00c9RIAS E ENTREVISTAS - AEPET N\u00daCLEO BAHIA","robots":{"index":"index","follow":"follow","max-snippet":"max-snippet:-1","max-image-preview":"max-image-preview:large","max-video-preview":"max-video-preview:-1"},"canonical":"https:\/\/aepetba.org.br\/v1\/aepet-cast-audio-materias-e-entrevistas\/","og_locale":"pt_BR","og_type":"article","og_title":"AEPET CAST - \u00c1UDIO-MAT\u00c9RIAS E ENTREVISTAS - AEPET N\u00daCLEO BAHIA","og_description":"[vc_row][vc_column][vc_column_text] Entrevista Programa Faixa Livre: Presidente da AEPET-BA fala sobre aumento dos combust\u00edveis 09\/05\/2022 [\/vc_column_text][vc_empty_space][vc_zigzag color=&#8221;custom&#8221; custom_color=&#8221;#3bbf86&#8243;][vc_empty_space][\/vc_column][\/vc_row][vc_row][vc_column][vc_column_text] Entrevista Programa Faixa Livre: Presidente da AEPET-BA denuncia entrega da RLAM\u00a0a Fundo \u00c1rabe 07\/12\/2021 [\/vc_column_text][vc_empty_space][vc_zigzag color=&#8221;custom&#8221; custom_color=&#8221;#3bbf86&#8243;][vc_empty_space][\/vc_column][\/vc_row][vc_row][vc_column][vc_column_text] 3\u00ba Bate-Papo: a situa\u00e7\u00e3o dos empregados...","og_url":"https:\/\/aepetba.org.br\/v1\/aepet-cast-audio-materias-e-entrevistas\/","og_site_name":"AEPET N\u00daCLEO BAHIA","article_publisher":"https:\/\/web.facebook.com\/aepetba","article_modified_time":"2022-06-09T22:54:49+00:00","twitter_card":"summary_large_image","twitter_site":"@aepetbahia","twitter_misc":{"Est. tempo de leitura":"1 minuto"},"schema":{"@context":"https:\/\/schema.org","@graph":[{"@type":"Organization","@id":"https:\/\/aepetba.org.br\/v1\/#organization","name":"AEPET N\u00facleo Bahia","url":"https:\/\/aepetba.org.br\/v1\/","sameAs":["https:\/\/www.instagram.com\/aepetbahia\/","https:\/\/www.youtube.com\/c\/AEPETBAHIA","https:\/\/web.facebook.com\/aepetba","https:\/\/twitter.com\/aepetbahia"],"logo":{"@type":"ImageObject","inLanguage":"pt-BR","@id":"https:\/\/aepetba.org.br\/v1\/#\/schema\/logo\/image\/","url":"https:\/\/aepetba.org.br\/v1\/wp-content\/uploads\/revslider\/home\/logo-AEPETBA.png","contentUrl":"https:\/\/aepetba.org.br\/v1\/wp-content\/uploads\/revslider\/home\/logo-AEPETBA.png","width":297,"height":86,"caption":"AEPET N\u00facleo Bahia"},"image":{"@id":"https:\/\/aepetba.org.br\/v1\/#\/schema\/logo\/image\/"}},{"@type":"WebSite","@id":"https:\/\/aepetba.org.br\/v1\/#website","url":"https:\/\/aepetba.org.br\/v1\/","name":"AEPET N\u00daCLEO BAHIA","description":"Associa\u00e7\u00e3o dos Engenheiros da Petrobr\u00e1s N\u00facleo Bahia Petr\u00f3leo Bahia Salvador Nordeste ","publisher":{"@id":"https:\/\/aepetba.org.br\/v1\/#organization"},"potentialAction":[{"@type":"SearchAction","target":{"@type":"EntryPoint","urlTemplate":"https:\/\/aepetba.org.br\/v1\/?s={search_term_string}"},"query-input":"required name=search_term_string"}],"inLanguage":"pt-BR"},{"@type":"WebPage","@id":"https:\/\/aepetba.org.br\/v1\/aepet-cast-audio-materias-e-entrevistas\/","url":"https:\/\/aepetba.org.br\/v1\/aepet-cast-audio-materias-e-entrevistas\/","name":"AEPET CAST - \u00c1UDIO-MAT\u00c9RIAS E ENTREVISTAS - AEPET N\u00daCLEO BAHIA","isPartOf":{"@id":"https:\/\/aepetba.org.br\/v1\/#website"},"datePublished":"2021-05-18T18:18:22+00:00","dateModified":"2022-06-09T22:54:49+00:00","breadcrumb":{"@id":"https:\/\/aepetba.org.br\/v1\/aepet-cast-audio-materias-e-entrevistas\/#breadcrumb"},"inLanguage":"pt-BR","potentialAction":[{"@type":"ReadAction","target":["https:\/\/aepetba.org.br\/v1\/aepet-cast-audio-materias-e-entrevistas\/"]}]},{"@type":"BreadcrumbList","@id":"https:\/\/aepetba.org.br\/v1\/aepet-cast-audio-materias-e-entrevistas\/#breadcrumb","itemListElement":[{"@type":"ListItem","position":1,"name":"In\u00edcio","item":"https:\/\/aepetba.org.br\/v1\/"},{"@type":"ListItem","position":2,"name":"AEPET CAST &#8211; \u00c1UDIO-MAT\u00c9RIAS E ENTREVISTAS"}]}]}},"_links":{"self":[{"href":"https:\/\/aepetba.org.br\/v1\/wp-json\/wp\/v2\/pages\/36002"}],"collection":[{"href":"https:\/\/aepetba.org.br\/v1\/wp-json\/wp\/v2\/pages"}],"about":[{"href":"https:\/\/aepetba.org.br\/v1\/wp-json\/wp\/v2\/types\/page"}],"author":[{"embeddable":true,"href":"https:\/\/aepetba.org.br\/v1\/wp-json\/wp\/v2\/users\/1"}],"replies":[{"embeddable":true,"href":"https:\/\/aepetba.org.br\/v1\/wp-json\/wp\/v2\/comments?post=36002"}],"version-history":[{"count":5,"href":"https:\/\/aepetba.org.br\/v1\/wp-json\/wp\/v2\/pages\/36002\/revisions"}],"predecessor-version":[{"id":38164,"href":"https:\/\/aepetba.org.br\/v1\/wp-json\/wp\/v2\/pages\/36002\/revisions\/38164"}],"wp:attachment":[{"href":"https:\/\/aepetba.org.br\/v1\/wp-json\/wp\/v2\/media?parent=36002"}],"curies":[{"name":"wp","href":"https:\/\/api.w.org\/{rel}","templated":true}]}}