{"id":36159,"date":"2021-06-17T16:32:07","date_gmt":"2021-06-17T19:32:07","guid":{"rendered":"https:\/\/aepetba.org.br\/v1\/?page_id=36159"},"modified":"2021-11-10T12:52:12","modified_gmt":"2021-11-10T15:52:12","slug":"termo-de-consentimento","status":"publish","type":"page","link":"https:\/\/aepetba.org.br\/v1\/termo-de-consentimento\/","title":{"rendered":"Termo de Consentimento"},"content":{"rendered":"<p>[vc_row][vc_column][vc_column_text]<\/p>\n<h1 style=\"text-align: center;\">TERMO DE CONSENTIMENTO<br \/>\npara Tratamento de Dados Pessoais pela AEPET-BAHIA<\/h1>\n<p>&nbsp;<\/p>\n<p>Publicada originalmente em 14\/06\/2021 &#8211; Revisada em 05 de novembro de 2021<\/p>\n<p>De acordo com a <b>LEI GERAL DE PROTE\u00c7\u00c3O DE DADOS PESSOAIS (LGPD)<\/b> \u2013 Lei n\u00ba 13.709 de 14 de agosto de 2018.<\/p>\n<p>&nbsp;<\/p>\n<p>Este documento visa registrar a manifesta\u00e7\u00e3o livre, informada e inequ\u00edvoca pela qual o <b>Titular (pessoa f\u00edsica que preenche este Termo)<\/b> concorda com o tratamento de seus dados pessoais e dados pessoais sens\u00edveis para finalidade espec\u00edfica, em conformidade com a Lei n\u00ba 13.709 \u2013 Lei Geral de Prote\u00e7\u00e3o de Dados Pessoais (LGPD). <b>Controladora \u2013 AEPET-BA.<\/b> Titular \u2013 associado (ativo ou aposentado), colaboradores, demais prestadores de servi\u00e7os cujos dados pessoais est\u00e3o sob o poder da AEPET-BA.<\/p>\n<p>&nbsp;<\/p>\n<h2><b>DEMAIS ENVOLVIDOS COM A AEPET-BA<\/b><\/h2>\n<p>Al\u00e9m das Pessoas F\u00edsicas, as demais entidades Pessoas Jur\u00eddicas, atrav\u00e9s de seus representantes respons\u00e1veis, envolvidos com a <b>AEPET-BA<\/b>, ao aceitar este <b>TERMO DE CONSENTIMENTO<\/b>, tamb\u00e9m, se comprometem a respeitar e a adotar as diretrizes da <b><a href=\"https:\/\/aepetba.org.br\/v1\/politica-de-privacidade\/\" target=\"_new\" rel=\"noopener noreferrer\">POL\u00cdTICA DE PRIVACIDADE da AEPET-BA<\/a><\/b> e as exig\u00eancias da <b>LEI GERAL DE PROTE\u00c7\u00c3O DE DADOS PESSOAIS (LGPD)<\/b> \u2013 Lei n\u00ba 13.709 de 14 de agosto de 2018.<\/p>\n<p>&nbsp;<\/p>\n<p>Ao declarar que concorda com o presente termo, o <b>Titular<\/b> (pessoa f\u00edsica ou representante legal) consente que <b>ASSOCIA\u00c7\u00c3O DOS ENGENHEIROS DA PETROBRAS \u2013 N\u00facleo Bahia (AEPET-BA)<\/b>, CNJP sob n\u00ba 32.605.958\/0001-00, sediada no Condom\u00ednio CEO, Av. Tancredo Neves n\u00ba 2539, Sala 106 \u2013 Torre Londres \u2013 Caminho das \u00c1rvores, Salvador \u2013 BA, 41820-021, Telefone: (71) 3012-4172, Celular para contato por WhatsApp\/Telegram (71) 98356-8081, e-mail: bahia@aepet.org.br, website: https:\/\/aepetba.org.br doravante denominada <b>Controladora (AEPET-BA)<\/b>, tome decis\u00f5es referentes ao tratamento de seus dados pessoais e sens\u00edveis, bem como realize o tratamento de seus dados pessoais, envolvendo opera\u00e7\u00f5es como as que se referem a coleta, produ\u00e7\u00e3o, recep\u00e7\u00e3o, classifica\u00e7\u00e3o, utiliza\u00e7\u00e3o, acesso, reprodu\u00e7\u00e3o, transmiss\u00e3o, distribui\u00e7\u00e3o, processamento, arquivamento, armazenamento, elimina\u00e7\u00e3o, avalia\u00e7\u00e3o ou controle da informa\u00e7\u00e3o, modifica\u00e7\u00e3o, comunica\u00e7\u00e3o, transfer\u00eancia, difus\u00e3o ou extra\u00e7\u00e3o.<\/p>\n<p>&nbsp;<\/p>\n<h2><b>DADOS PESSOAIS E DADOS PESSOAIS SENS\u00cdVEIS<\/b><\/h2>\n<p>A <b>AEPET-BA<\/b> fica autorizada a tomar decis\u00f5es referentes ao tratamento dos dados pessoais e os dados pessoais sens\u00edveis do Titular coletados por diversos meios, principalmente atrav\u00e9s do formul\u00e1rio de inscri\u00e7\u00e3o de ativos e aposentados como s\u00f3cios da <b>AEPET-BA<\/b>:<\/p>\n<p>NOME; DATA DE NASCIMENTO; MATR\u00cdCULA PETROBRAS; CB PETROS; MATR\u00cdCULA. PETROS; RG\/\u00d3RG\u00c3O; CPF; NACIONALIDADE; NATURAL; SEXO; ESTADO CIVIL; PROFISS\u00c3O; CURSO DE FORMA\u00c7\u00c3O; ANO DE FORMA\u00c7\u00c3O; ESTABELECIMENTO DE ENSINO QUE SE FORMOU; EMPRESA EM QUE TRABALHA (ou aposentou); DATA DE ADMISS\u00c3O; CARGO QUE EXERCE NA EMPRESA (ou exerceu); N\u00cdVEL SUPERIOR ou N\u00cdVEL M\u00c9DIO;<br \/>\nLOTA\u00c7\u00c3O (ORG\u00c3O\/DIVIS\u00c3O\/SETOR); N\u00daCLEO AEPET; PR\u00c9DIO DE LOTA\u00c7\u00c3O;<br \/>\nCIDADE; ENDERE\u00c7O PARA CORRESPOND\u00caNCIA \/ RUA \/ N\u00ba \/ COMPLEMENTO BAIRRO; CIDADE; ESTADO; CEP; TELEFONE RESIDENCIAL; TELEFONE NA EMPRESA; CELULARES; ENDERE\u00c7OS ELETR\u00d4NICOS.<\/p>\n<p style=\"font-style: italic;\">(<b>Dados Pessoais sens\u00edveis<\/b> \u2013 s\u00e3o considerados \u201csens\u00edveis\u201d e est\u00e3o sujeitos a condi\u00e7\u00f5es de tratamento espec\u00edficas: dados pessoais que revelem a origem racial ou \u00e9tnica, opini\u00f5es pol\u00edticas e convic\u00e7\u00f5es religiosas ou filos\u00f3ficas; filia\u00e7\u00e3o sindical; dados gen\u00e9ticos, dados biom\u00e9tricos tratados simplesmente para identificar um ser humano; dados relacionados com a sa\u00fade; dados relativos \u00e0 orienta\u00e7\u00e3o sexual e identidade de g\u00eanero da pessoa.)<\/p>\n<p>&nbsp;<\/p>\n<h2><b>FINALIDADES DO TRATAMENTO DOS DADOS<\/b><\/h2>\n<p>O tratamento dos dados pessoais, listados neste termo, tem as seguintes finalidades:<\/p>\n<ul>\n<li>Possibilitar que a <b>AEPET-BA<\/b> identifique e entre em contato com o <b>Titular<\/b> para fins de relacionamento no que diz respeito aos objetivos do Estatuto da <b>AEPET-BA<\/b>.<\/li>\n<li>A <b>AEPET-BA<\/b> fica autorizado a compartilhar os dados pessoais e dados pessoais sens\u00edveis do <b>Titular<\/b> com outros agentes de tratamento de dados, caso seja necess\u00e1rio para as finalidades listadas neste termo, particularmente no atendimento aos objetivos do Estatuto da <b>AEPET-BA<\/b> para a\u00e7\u00f5es judiciais, extrajudiciais e arbitrais e o contato informativo, observados os princ\u00edpios e as garantias estabelecidas pela Lei n\u00ba 13.709 (LGPD).<\/li>\n<\/ul>\n<p>&nbsp;<\/p>\n<h2><b>SEGURAN\u00c7A DOS DADOS<\/b><\/h2>\n<p>A <b>AEPET-BA<\/b> responsabiliza-se pela manuten\u00e7\u00e3o de medidas de seguran\u00e7a, t\u00e9cnicas e administrativas aptas a proteger os dados pessoais de acessos n\u00e3o autorizados e de situa\u00e7\u00f5es acidentais ou il\u00edcitas de destrui\u00e7\u00e3o, perda, altera\u00e7\u00e3o, comunica\u00e7\u00e3o ou qualquer forma de tratamento inadequado ou il\u00edcito.<\/p>\n<p>Em conformidade ao art. 48 da Lei n\u00ba 13.709, A <b>AEPET-BA<\/b> comunicar\u00e1 ao <b>Titular<\/b> e \u00e0 Autoridade Nacional de Prote\u00e7\u00e3o de Dados (ANPD) a ocorr\u00eancia de incidente de seguran\u00e7a que possa acarretar risco ou dano relevante ao <b>Titular<\/b>.<\/p>\n<p>&nbsp;<\/p>\n<h2><b>DIREITOS DO TITULAR<\/b><\/h2>\n<p>O <b>Titular<\/b> tem direito a obter da AEPET-BA, em rela\u00e7\u00e3o aos dados por ela tratados, a qualquer momento e mediante requisi\u00e7\u00e3o:<\/p>\n<ul>\n<li>confirma\u00e7\u00e3o da exist\u00eancia de tratamento;<\/li>\n<li>acesso aos dados;<\/li>\n<li>corre\u00e7\u00e3o de dados incompletos, inexatos ou desatualizados;<\/li>\n<li>anonimiza\u00e7\u00e3o, bloqueio ou elimina\u00e7\u00e3o de dados desnecess\u00e1rios, excessivos ou tratados em desconformidade com o disposto na Lei n\u00ba 13.709;<\/li>\n<li>portabilidade dos dados a outro fornecedor de servi\u00e7o ou produto, mediante requisi\u00e7\u00e3o expressa e observados os segredos comercial e industrial, de acordo com a regulamenta\u00e7\u00e3o do \u00f3rg\u00e3o controlador;<\/li>\n<li>portabilidade dos dados a outro fornecedor de servi\u00e7o ou produto, mediante requisi\u00e7\u00e3o expressa, de acordo com a regulamenta\u00e7\u00e3o da autoridade nacional, observados os segredos comercial e industrial;<\/li>\n<li>elimina\u00e7\u00e3o dos dados pessoais tratados com o consentimento do <b>Titular<\/b>, exceto nas hip\u00f3teses previstas no art. 16 da Lei n\u00ba 13.709; VII \u2013 informa\u00e7\u00e3o das entidades p\u00fablicas e privadas com as quais o controlador realizou uso compartilhado de dados;<\/li>\n<li>informa\u00e7\u00e3o sobre a possibilidade de n\u00e3o fornecer consentimento e sobre as consequ\u00eancias da negativa;<\/li>\n<li>revoga\u00e7\u00e3o do consentimento, nos termos do \u00a7 5\u00ba do art. 8\u00ba da Lei n\u00ba 13.709.<\/li>\n<\/ul>\n<p>&nbsp;<\/p>\n<h2><b>DIREITO DE REVOGA\u00c7\u00c3O DO CONSENTIMENTO<\/b><\/h2>\n<p>Este consentimento poder\u00e1 ser revogado pelo <b>Titular<\/b>, a qualquer momento, mediante solicita\u00e7\u00e3o a <b>AEPET-BA<\/b> atrav\u00e9s dos e-mails:juridico@aepetba.org.br e bahia@aepet.org.br ou por WhatsApp\/Telegram para o celular (71) 9 8356-8081 ou mesmo por correspond\u00eancia.<\/p>\n<p>&nbsp;<\/p>\n<h2><b>T\u00c9RMINO DO TRATAMENTO DOS DADOS<\/b><\/h2>\n<ul>\n<li>A <b>AEPET-BA<\/b> poder\u00e1 manter e tratar os dados pessoais do <b>Titular<\/b> durante todo o per\u00edodo em que estes forem pertinentes ao alcance das finalidades listadas neste termo como por exemplo para quest\u00f5es judiciais, extrajudiciais ou arbitrais. Dados pessoais anonimizados, sem possibilidade de associa\u00e7\u00e3o ao indiv\u00edduo, poder\u00e3o ser mantidos por per\u00edodo indefinido.<\/li>\n<li>O <b>Titular<\/b> poder\u00e1 solicitar via e-mail ou correspond\u00eancia a <b>Controladora<\/b>, a qualquer momento, que sejam eliminados os dados pessoais n\u00e3o anonimizados do <b>Titular<\/b>.<\/li>\n<li>O <b>Titular<\/b> fica ciente de que poder\u00e1 ser invi\u00e1vel a <b>AEPET-BA<\/b> continuar o atendimento aos objetivos do Estatuto da <b>AEPET-BA<\/b> para o <b>Titular<\/b> a partir da elimina\u00e7\u00e3o dos seus dados pessoais e sens\u00edveis.<\/li>\n<\/ul>\n<p>&nbsp;<\/p>\n<h2><b>LEGISLA\u00c7\u00c3O E FORO COMPETENTE<\/b><\/h2>\n<p>Este termo de aceite ser\u00e1 regido, interpretado e executado de acordo com as leis da Rep\u00fablica Federativa do Brasil, independentemente dos conflitos dessa lei com leis de outros pa\u00edses, sendo competente o Foro da cidade de Salvador (Bahia), para dirimir qualquer d\u00favida decorrente deste instrumento. O <b>Titular<\/b> consente, expressamente, com a compet\u00eancia desse ju\u00edzo, e ren\u00fancia, neste ato, \u00e0 compet\u00eancia de qualquer outro foro, por mais privilegiado que seja ou venha a ser.[\/vc_column_text]<div role=\"form\" class=\"wpcf7\" id=\"wpcf7-f36299-o1\" lang=\"pt-BR\" dir=\"ltr\">\n<div class=\"screen-reader-response\"><p role=\"status\" aria-live=\"polite\" aria-atomic=\"true\"><\/p> <ul><\/ul><\/div>\n<form action=\"\/v1\/wp-json\/wp\/v2\/pages\/36159#wpcf7-f36299-o1\" method=\"post\" class=\"wpcf7-form init\" novalidate=\"novalidate\" data-status=\"init\">\n<div style=\"display: none;\">\n<input type=\"hidden\" name=\"_wpcf7\" value=\"36299\" \/>\n<input type=\"hidden\" name=\"_wpcf7_version\" value=\"5.5.6\" \/>\n<input type=\"hidden\" name=\"_wpcf7_locale\" value=\"pt_BR\" \/>\n<input type=\"hidden\" name=\"_wpcf7_unit_tag\" value=\"wpcf7-f36299-o1\" \/>\n<input type=\"hidden\" name=\"_wpcf7_container_post\" value=\"0\" \/>\n<input type=\"hidden\" name=\"_wpcf7_posted_data_hash\" value=\"\" \/>\n<input type=\"hidden\" name=\"_wpcf7_recaptcha_response\" value=\"\" \/>\n<\/div>\n<p><label> Seu nome (obrigat\u00f3rio)<br \/>\n    <span class=\"wpcf7-form-control-wrap nome-consentimento\"><input type=\"text\" name=\"nome-consentimento\" value=\"\" size=\"40\" class=\"wpcf7-form-control wpcf7-text wpcf7-validates-as-required\" aria-required=\"true\" aria-invalid=\"false\" \/><\/span> <\/label><\/p>\n<p><label> Seu e-mail (obrigat\u00f3rio)<br \/>\n    <span class=\"wpcf7-form-control-wrap email-consentimento\"><input type=\"email\" name=\"email-consentimento\" value=\"\" size=\"40\" class=\"wpcf7-form-control wpcf7-text wpcf7-email wpcf7-validates-as-required wpcf7-validates-as-email\" aria-required=\"true\" aria-invalid=\"false\" \/><\/span> <\/label><\/p>\n<p><label> Celular<br \/>\n    <span class=\"wpcf7-form-control-wrap celular-consentimento\"><input type=\"tel\" name=\"celular-consentimento\" value=\"\" size=\"40\" class=\"wpcf7-form-control wpcf7-text wpcf7-tel wpcf7-validates-as-required wpcf7-validates-as-tel\" aria-required=\"true\" aria-invalid=\"false\" \/><\/span> <\/label><\/p>\n<p><label> Sua resposta (obrigat\u00f3rio)<br \/>\n    <span class=\"wpcf7-form-control-wrap radio-consentimento\"><span class=\"wpcf7-form-control wpcf7-radio\"><span class=\"wpcf7-list-item first\"><label><input type=\"radio\" name=\"radio-consentimento\" value=\"1. Concordo com o Termo de Consentimento\" \/><span class=\"wpcf7-list-item-label\">1. Concordo com o Termo de Consentimento<\/span><\/label><\/span><span class=\"wpcf7-list-item last\"><label><input type=\"radio\" name=\"radio-consentimento\" value=\"2. N\u00e3o concordo com o Termo de Consentimento\" \/><span class=\"wpcf7-list-item-label\">2. N\u00e3o concordo com o Termo de Consentimento<\/span><\/label><\/span><\/span><\/span> <\/label><\/p>\n<p><input type=\"submit\" value=\"Enviar\" class=\"wpcf7-form-control has-spinner wpcf7-submit\" \/><\/p>\n<div class=\"wpcf7-response-output\" aria-hidden=\"true\"><\/div><\/form><\/div>[\/vc_column][\/vc_row]<\/p>\n","protected":false},"excerpt":{"rendered":"<p>[vc_row][vc_column][vc_column_text] TERMO DE CONSENTIMENTO para Tratamento de Dados Pessoais pela AEPET-BAHIA &nbsp; Publicada originalmente em 14\/06\/2021 &#8211; Revisada em 05 de novembro de 2021 De acordo com a LEI GERAL DE PROTE\u00c7\u00c3O DE DADOS PESSOAIS (LGPD) \u2013 Lei n\u00ba 13.709&#8230;<\/p>\n","protected":false},"author":1,"featured_media":0,"parent":0,"menu_order":0,"comment_status":"closed","ping_status":"closed","template":"","meta":[],"yoast_head":"<!-- This site is optimized with the Yoast SEO plugin v19.3 - https:\/\/yoast.com\/wordpress\/plugins\/seo\/ -->\n<title>Termo de Consentimento - AEPET N\u00daCLEO BAHIA<\/title>\n<meta name=\"robots\" content=\"index, follow, max-snippet:-1, max-image-preview:large, max-video-preview:-1\" \/>\n<link rel=\"canonical\" href=\"https:\/\/aepetba.org.br\/v1\/termo-de-consentimento\/\" \/>\n<meta property=\"og:locale\" content=\"pt_BR\" \/>\n<meta property=\"og:type\" content=\"article\" \/>\n<meta property=\"og:title\" content=\"Termo de Consentimento - AEPET N\u00daCLEO BAHIA\" \/>\n<meta property=\"og:description\" content=\"[vc_row][vc_column][vc_column_text] TERMO DE CONSENTIMENTO para Tratamento de Dados Pessoais pela AEPET-BAHIA &nbsp; Publicada originalmente em 14\/06\/2021 &#8211; Revisada em 05 de novembro de 2021 De acordo com a LEI GERAL DE PROTE\u00c7\u00c3O DE DADOS PESSOAIS (LGPD) \u2013 Lei n\u00ba 13.709...\" \/>\n<meta property=\"og:url\" content=\"https:\/\/aepetba.org.br\/v1\/termo-de-consentimento\/\" \/>\n<meta property=\"og:site_name\" content=\"AEPET N\u00daCLEO BAHIA\" \/>\n<meta property=\"article:publisher\" content=\"https:\/\/web.facebook.com\/aepetba\" \/>\n<meta property=\"article:modified_time\" content=\"2021-11-10T15:52:12+00:00\" \/>\n<meta name=\"twitter:card\" content=\"summary_large_image\" \/>\n<meta name=\"twitter:site\" content=\"@aepetbahia\" \/>\n<meta name=\"twitter:label1\" content=\"Est. tempo de leitura\" \/>\n\t<meta name=\"twitter:data1\" content=\"6 minutos\" \/>\n<script type=\"application\/ld+json\" class=\"yoast-schema-graph\">{\"@context\":\"https:\/\/schema.org\",\"@graph\":[{\"@type\":\"Organization\",\"@id\":\"https:\/\/aepetba.org.br\/v1\/#organization\",\"name\":\"AEPET N\u00facleo Bahia\",\"url\":\"https:\/\/aepetba.org.br\/v1\/\",\"sameAs\":[\"https:\/\/www.instagram.com\/aepetbahia\/\",\"https:\/\/www.youtube.com\/c\/AEPETBAHIA\",\"https:\/\/web.facebook.com\/aepetba\",\"https:\/\/twitter.com\/aepetbahia\"],\"logo\":{\"@type\":\"ImageObject\",\"inLanguage\":\"pt-BR\",\"@id\":\"https:\/\/aepetba.org.br\/v1\/#\/schema\/logo\/image\/\",\"url\":\"https:\/\/aepetba.org.br\/v1\/wp-content\/uploads\/revslider\/home\/logo-AEPETBA.png\",\"contentUrl\":\"https:\/\/aepetba.org.br\/v1\/wp-content\/uploads\/revslider\/home\/logo-AEPETBA.png\",\"width\":297,\"height\":86,\"caption\":\"AEPET N\u00facleo Bahia\"},\"image\":{\"@id\":\"https:\/\/aepetba.org.br\/v1\/#\/schema\/logo\/image\/\"}},{\"@type\":\"WebSite\",\"@id\":\"https:\/\/aepetba.org.br\/v1\/#website\",\"url\":\"https:\/\/aepetba.org.br\/v1\/\",\"name\":\"AEPET N\u00daCLEO BAHIA\",\"description\":\"Associa\u00e7\u00e3o dos Engenheiros da Petrobr\u00e1s N\u00facleo Bahia Petr\u00f3leo Bahia Salvador Nordeste \",\"publisher\":{\"@id\":\"https:\/\/aepetba.org.br\/v1\/#organization\"},\"potentialAction\":[{\"@type\":\"SearchAction\",\"target\":{\"@type\":\"EntryPoint\",\"urlTemplate\":\"https:\/\/aepetba.org.br\/v1\/?s={search_term_string}\"},\"query-input\":\"required name=search_term_string\"}],\"inLanguage\":\"pt-BR\"},{\"@type\":\"WebPage\",\"@id\":\"https:\/\/aepetba.org.br\/v1\/termo-de-consentimento\/\",\"url\":\"https:\/\/aepetba.org.br\/v1\/termo-de-consentimento\/\",\"name\":\"Termo de Consentimento - AEPET N\u00daCLEO BAHIA\",\"isPartOf\":{\"@id\":\"https:\/\/aepetba.org.br\/v1\/#website\"},\"datePublished\":\"2021-06-17T19:32:07+00:00\",\"dateModified\":\"2021-11-10T15:52:12+00:00\",\"breadcrumb\":{\"@id\":\"https:\/\/aepetba.org.br\/v1\/termo-de-consentimento\/#breadcrumb\"},\"inLanguage\":\"pt-BR\",\"potentialAction\":[{\"@type\":\"ReadAction\",\"target\":[\"https:\/\/aepetba.org.br\/v1\/termo-de-consentimento\/\"]}]},{\"@type\":\"BreadcrumbList\",\"@id\":\"https:\/\/aepetba.org.br\/v1\/termo-de-consentimento\/#breadcrumb\",\"itemListElement\":[{\"@type\":\"ListItem\",\"position\":1,\"name\":\"In\u00edcio\",\"item\":\"https:\/\/aepetba.org.br\/v1\/\"},{\"@type\":\"ListItem\",\"position\":2,\"name\":\"Termo de Consentimento\"}]}]}<\/script>\n<!-- \/ Yoast SEO plugin. -->","yoast_head_json":{"title":"Termo de Consentimento - AEPET N\u00daCLEO BAHIA","robots":{"index":"index","follow":"follow","max-snippet":"max-snippet:-1","max-image-preview":"max-image-preview:large","max-video-preview":"max-video-preview:-1"},"canonical":"https:\/\/aepetba.org.br\/v1\/termo-de-consentimento\/","og_locale":"pt_BR","og_type":"article","og_title":"Termo de Consentimento - AEPET N\u00daCLEO BAHIA","og_description":"[vc_row][vc_column][vc_column_text] TERMO DE CONSENTIMENTO para Tratamento de Dados Pessoais pela AEPET-BAHIA &nbsp; Publicada originalmente em 14\/06\/2021 &#8211; Revisada em 05 de novembro de 2021 De acordo com a LEI GERAL DE PROTE\u00c7\u00c3O DE DADOS PESSOAIS (LGPD) \u2013 Lei n\u00ba 13.709...","og_url":"https:\/\/aepetba.org.br\/v1\/termo-de-consentimento\/","og_site_name":"AEPET N\u00daCLEO BAHIA","article_publisher":"https:\/\/web.facebook.com\/aepetba","article_modified_time":"2021-11-10T15:52:12+00:00","twitter_card":"summary_large_image","twitter_site":"@aepetbahia","twitter_misc":{"Est. tempo de leitura":"6 minutos"},"schema":{"@context":"https:\/\/schema.org","@graph":[{"@type":"Organization","@id":"https:\/\/aepetba.org.br\/v1\/#organization","name":"AEPET N\u00facleo Bahia","url":"https:\/\/aepetba.org.br\/v1\/","sameAs":["https:\/\/www.instagram.com\/aepetbahia\/","https:\/\/www.youtube.com\/c\/AEPETBAHIA","https:\/\/web.facebook.com\/aepetba","https:\/\/twitter.com\/aepetbahia"],"logo":{"@type":"ImageObject","inLanguage":"pt-BR","@id":"https:\/\/aepetba.org.br\/v1\/#\/schema\/logo\/image\/","url":"https:\/\/aepetba.org.br\/v1\/wp-content\/uploads\/revslider\/home\/logo-AEPETBA.png","contentUrl":"https:\/\/aepetba.org.br\/v1\/wp-content\/uploads\/revslider\/home\/logo-AEPETBA.png","width":297,"height":86,"caption":"AEPET N\u00facleo Bahia"},"image":{"@id":"https:\/\/aepetba.org.br\/v1\/#\/schema\/logo\/image\/"}},{"@type":"WebSite","@id":"https:\/\/aepetba.org.br\/v1\/#website","url":"https:\/\/aepetba.org.br\/v1\/","name":"AEPET N\u00daCLEO BAHIA","description":"Associa\u00e7\u00e3o dos Engenheiros da Petrobr\u00e1s N\u00facleo Bahia Petr\u00f3leo Bahia Salvador Nordeste ","publisher":{"@id":"https:\/\/aepetba.org.br\/v1\/#organization"},"potentialAction":[{"@type":"SearchAction","target":{"@type":"EntryPoint","urlTemplate":"https:\/\/aepetba.org.br\/v1\/?s={search_term_string}"},"query-input":"required name=search_term_string"}],"inLanguage":"pt-BR"},{"@type":"WebPage","@id":"https:\/\/aepetba.org.br\/v1\/termo-de-consentimento\/","url":"https:\/\/aepetba.org.br\/v1\/termo-de-consentimento\/","name":"Termo de Consentimento - AEPET N\u00daCLEO BAHIA","isPartOf":{"@id":"https:\/\/aepetba.org.br\/v1\/#website"},"datePublished":"2021-06-17T19:32:07+00:00","dateModified":"2021-11-10T15:52:12+00:00","breadcrumb":{"@id":"https:\/\/aepetba.org.br\/v1\/termo-de-consentimento\/#breadcrumb"},"inLanguage":"pt-BR","potentialAction":[{"@type":"ReadAction","target":["https:\/\/aepetba.org.br\/v1\/termo-de-consentimento\/"]}]},{"@type":"BreadcrumbList","@id":"https:\/\/aepetba.org.br\/v1\/termo-de-consentimento\/#breadcrumb","itemListElement":[{"@type":"ListItem","position":1,"name":"In\u00edcio","item":"https:\/\/aepetba.org.br\/v1\/"},{"@type":"ListItem","position":2,"name":"Termo de Consentimento"}]}]}},"_links":{"self":[{"href":"https:\/\/aepetba.org.br\/v1\/wp-json\/wp\/v2\/pages\/36159"}],"collection":[{"href":"https:\/\/aepetba.org.br\/v1\/wp-json\/wp\/v2\/pages"}],"about":[{"href":"https:\/\/aepetba.org.br\/v1\/wp-json\/wp\/v2\/types\/page"}],"author":[{"embeddable":true,"href":"https:\/\/aepetba.org.br\/v1\/wp-json\/wp\/v2\/users\/1"}],"replies":[{"embeddable":true,"href":"https:\/\/aepetba.org.br\/v1\/wp-json\/wp\/v2\/comments?post=36159"}],"version-history":[{"count":6,"href":"https:\/\/aepetba.org.br\/v1\/wp-json\/wp\/v2\/pages\/36159\/revisions"}],"predecessor-version":[{"id":36991,"href":"https:\/\/aepetba.org.br\/v1\/wp-json\/wp\/v2\/pages\/36159\/revisions\/36991"}],"wp:attachment":[{"href":"https:\/\/aepetba.org.br\/v1\/wp-json\/wp\/v2\/media?parent=36159"}],"curies":[{"name":"wp","href":"https:\/\/api.w.org\/{rel}","templated":true}]}}