{"id":36476,"date":"2021-08-10T14:02:46","date_gmt":"2021-08-10T17:02:46","guid":{"rendered":"https:\/\/aepetba.org.br\/v1\/?page_id=36476"},"modified":"2023-03-07T15:29:50","modified_gmt":"2023-03-07T18:29:50","slug":"agenda","status":"publish","type":"page","link":"https:\/\/aepetba.org.br\/v1\/agenda\/","title":{"rendered":"AGENDA AEPET BAHIA"},"content":{"rendered":"<p>[vc_row][vc_column][vc_raw_html]JTNDaWZyYW1lJTIwc3JjJTNEJTIyaHR0cHMlM0ElMkYlMkZjYWxlbmRhci5nb29nbGUuY29tJTJGY2FsZW5kYXIlMkZlbWJlZCUzRmhlaWdodCUzRDcwMCUyNmFtcCUzQndrc3QlM0QyJTI2YW1wJTNCYmdjb2xvciUzRCUyNTIzZmZmZmZmJTI2YW1wJTNCY3R6JTNEQW1lcmljYSUyNTJGQmFoaWElMjZhbXAlM0JzcmMlM0RiVFp0YUhKbmNYWnBkbWhzWlRkemFuRjFNbTl6WjJKd1oyZEFaM0p2ZFhBdVkyRnNaVzVrWVhJdVoyOXZaMnhsTG1OdmJRJTI2YW1wJTNCc3JjJTNEY0hRdFluSXVZbkpoZW1sc2FXRnVJMmh2Ykdsa1lYbEFaM0p2ZFhBdWRpNWpZV3hsYm1SaGNpNW5iMjluYkdVdVkyOXQlMjZhbXAlM0Jjb2xvciUzRCUyNTIzMDA5Njg4JTI2YW1wJTNCY29sb3IlM0QlMjUyMzYxNjE2MSUyNmFtcCUzQnNob3dOYXYlM0QxJTI2YW1wJTNCc2hvd1ByaW50JTNEMSUyNmFtcCUzQnNob3dDYWxlbmRhcnMlM0QwJTI2YW1wJTNCc2hvd1RhYnMlM0QwJTI2YW1wJTNCbW9kZSUzRFdFRUslMjIlMjBzdHlsZSUzRCUyMmJvcmRlci13aWR0aCUzQTAlMjIlMjB3aWR0aCUzRCUyMjgwMCUyMiUyMGhlaWdodCUzRCUyMjcwMCUyMiUyMGZyYW1lYm9yZGVyJTNEJTIyMCUyMiUyMHNjcm9sbGluZyUzRCUyMm5vJTIyJTNFJTNDJTJGaWZyYW1lJTNF[\/vc_raw_html][\/vc_column][\/vc_row]<\/p>\n","protected":false},"excerpt":{"rendered":"<p>[vc_row][vc_column][vc_raw_html]JTNDaWZyYW1lJTIwc3JjJTNEJTIyaHR0cHMlM0ElMkYlMkZjYWxlbmRhci5nb29nbGUuY29tJTJGY2FsZW5kYXIlMkZlbWJlZCUzRmhlaWdodCUzRDcwMCUyNmFtcCUzQndrc3QlM0QyJTI2YW1wJTNCYmdjb2xvciUzRCUyNTIzZmZmZmZmJTI2YW1wJTNCY3R6JTNEQW1lcmljYSUyNTJGQmFoaWElMjZhbXAlM0JzcmMlM0RiVFp0YUhKbmNYWnBkbWhzWlRkemFuRjFNbTl6WjJKd1oyZEFaM0p2ZFhBdVkyRnNaVzVrWVhJdVoyOXZaMnhsTG1OdmJRJTI2YW1wJTNCc3JjJTNEY0hRdFluSXVZbkpoZW1sc2FXRnVJMmh2Ykdsa1lYbEFaM0p2ZFhBdWRpNWpZV3hsYm1SaGNpNW5iMjluYkdVdVkyOXQlMjZhbXAlM0Jjb2xvciUzRCUyNTIzMDA5Njg4JTI2YW1wJTNCY29sb3IlM0QlMjUyMzYxNjE2MSUyNmFtcCUzQnNob3dOYXYlM0QxJTI2YW1wJTNCc2hvd1ByaW50JTNEMSUyNmFtcCUzQnNob3dDYWxlbmRhcnMlM0QwJTI2YW1wJTNCc2hvd1RhYnMlM0QwJTI2YW1wJTNCbW9kZSUzRFdFRUslMjIlMjBzdHlsZSUzRCUyMmJvcmRlci13aWR0aCUzQTAlMjIlMjB3aWR0aCUzRCUyMjgwMCUyMiUyMGhlaWdodCUzRCUyMjcwMCUyMiUyMGZyYW1lYm9yZGVyJTNEJTIyMCUyMiUyMHNjcm9sbGluZyUzRCUyMm5vJTIyJTNFJTNDJTJGaWZyYW1lJTNF[\/vc_raw_html][\/vc_column][\/vc_row]<\/p>\n","protected":false},"author":1,"featured_media":0,"parent":0,"menu_order":0,"comment_status":"closed","ping_status":"closed","template":"","meta":[],"yoast_head":"<!-- This site is optimized with the Yoast SEO plugin v19.3 - https:\/\/yoast.com\/wordpress\/plugins\/seo\/ -->\n<title>AGENDA AEPET BAHIA - AEPET N\u00daCLEO BAHIA<\/title>\n<meta name=\"robots\" content=\"index, follow, max-snippet:-1, max-image-preview:large, max-video-preview:-1\" \/>\n<link rel=\"canonical\" href=\"https:\/\/aepetba.org.br\/v1\/agenda\/\" \/>\n<meta property=\"og:locale\" content=\"pt_BR\" \/>\n<meta property=\"og:type\" content=\"article\" \/>\n<meta property=\"og:title\" content=\"AGENDA AEPET BAHIA - AEPET N\u00daCLEO BAHIA\" \/>\n<meta property=\"og:description\" content=\"[vc_row][vc_column][vc_raw_html]JTNDaWZyYW1lJTIwc3JjJTNEJTIyaHR0cHMlM0ElMkYlMkZjYWxlbmRhci5nb29nbGUuY29tJTJGY2FsZW5kYXIlMkZlbWJlZCUzRmhlaWdodCUzRDcwMCUyNmFtcCUzQndrc3QlM0QyJTI2YW1wJTNCYmdjb2xvciUzRCUyNTIzZmZmZmZmJTI2YW1wJTNCY3R6JTNEQW1lcmljYSUyNTJGQmFoaWElMjZhbXAlM0JzcmMlM0RiVFp0YUhKbmNYWnBkbWhzWlRkemFuRjFNbTl6WjJKd1oyZEFaM0p2ZFhBdVkyRnNaVzVrWVhJdVoyOXZaMnhsTG1OdmJRJTI2YW1wJTNCc3JjJTNEY0hRdFluSXVZbkpoZW1sc2FXRnVJMmh2Ykdsa1lYbEFaM0p2ZFhBdWRpNWpZV3hsYm1SaGNpNW5iMjluYkdVdVkyOXQlMjZhbXAlM0Jjb2xvciUzRCUyNTIzMDA5Njg4JTI2YW1wJTNCY29sb3IlM0QlMjUyMzYxNjE2MSUyNmFtcCUzQnNob3dOYXYlM0QxJTI2YW1wJTNCc2hvd1ByaW50JTNEMSUyNmFtcCUzQnNob3dDYWxlbmRhcnMlM0QwJTI2YW1wJTNCc2hvd1RhYnMlM0QwJTI2YW1wJTNCbW9kZSUzRFdFRUslMjIlMjBzdHlsZSUzRCUyMmJvcmRlci13aWR0aCUzQTAlMjIlMjB3aWR0aCUzRCUyMjgwMCUyMiUyMGhlaWdodCUzRCUyMjcwMCUyMiUyMGZyYW1lYm9yZGVyJTNEJTIyMCUyMiUyMHNjcm9sbGluZyUzRCUyMm5vJTIyJTNFJTNDJTJGaWZyYW1lJTNF[\/vc_raw_html][\/vc_column][\/vc_row]\" \/>\n<meta property=\"og:url\" content=\"https:\/\/aepetba.org.br\/v1\/agenda\/\" \/>\n<meta property=\"og:site_name\" content=\"AEPET N\u00daCLEO BAHIA\" \/>\n<meta property=\"article:publisher\" content=\"https:\/\/web.facebook.com\/aepetba\" \/>\n<meta property=\"article:modified_time\" content=\"2023-03-07T18:29:50+00:00\" \/>\n<meta name=\"twitter:card\" content=\"summary_large_image\" \/>\n<meta name=\"twitter:site\" content=\"@aepetbahia\" \/>\n<meta name=\"twitter:label1\" content=\"Est. tempo de leitura\" \/>\n\t<meta name=\"twitter:data1\" content=\"1 minuto\" \/>\n<script type=\"application\/ld+json\" class=\"yoast-schema-graph\">{\"@context\":\"https:\/\/schema.org\",\"@graph\":[{\"@type\":\"Organization\",\"@id\":\"https:\/\/aepetba.org.br\/v1\/#organization\",\"name\":\"AEPET N\u00facleo Bahia\",\"url\":\"https:\/\/aepetba.org.br\/v1\/\",\"sameAs\":[\"https:\/\/www.instagram.com\/aepetbahia\/\",\"https:\/\/www.youtube.com\/c\/AEPETBAHIA\",\"https:\/\/web.facebook.com\/aepetba\",\"https:\/\/twitter.com\/aepetbahia\"],\"logo\":{\"@type\":\"ImageObject\",\"inLanguage\":\"pt-BR\",\"@id\":\"https:\/\/aepetba.org.br\/v1\/#\/schema\/logo\/image\/\",\"url\":\"https:\/\/aepetba.org.br\/v1\/wp-content\/uploads\/revslider\/home\/logo-AEPETBA.png\",\"contentUrl\":\"https:\/\/aepetba.org.br\/v1\/wp-content\/uploads\/revslider\/home\/logo-AEPETBA.png\",\"width\":297,\"height\":86,\"caption\":\"AEPET N\u00facleo Bahia\"},\"image\":{\"@id\":\"https:\/\/aepetba.org.br\/v1\/#\/schema\/logo\/image\/\"}},{\"@type\":\"WebSite\",\"@id\":\"https:\/\/aepetba.org.br\/v1\/#website\",\"url\":\"https:\/\/aepetba.org.br\/v1\/\",\"name\":\"AEPET N\u00daCLEO BAHIA\",\"description\":\"Associa\u00e7\u00e3o dos Engenheiros da Petrobr\u00e1s N\u00facleo Bahia Petr\u00f3leo Bahia Salvador Nordeste \",\"publisher\":{\"@id\":\"https:\/\/aepetba.org.br\/v1\/#organization\"},\"potentialAction\":[{\"@type\":\"SearchAction\",\"target\":{\"@type\":\"EntryPoint\",\"urlTemplate\":\"https:\/\/aepetba.org.br\/v1\/?s={search_term_string}\"},\"query-input\":\"required name=search_term_string\"}],\"inLanguage\":\"pt-BR\"},{\"@type\":\"WebPage\",\"@id\":\"https:\/\/aepetba.org.br\/v1\/agenda\/\",\"url\":\"https:\/\/aepetba.org.br\/v1\/agenda\/\",\"name\":\"AGENDA AEPET BAHIA - AEPET N\u00daCLEO BAHIA\",\"isPartOf\":{\"@id\":\"https:\/\/aepetba.org.br\/v1\/#website\"},\"datePublished\":\"2021-08-10T17:02:46+00:00\",\"dateModified\":\"2023-03-07T18:29:50+00:00\",\"breadcrumb\":{\"@id\":\"https:\/\/aepetba.org.br\/v1\/agenda\/#breadcrumb\"},\"inLanguage\":\"pt-BR\",\"potentialAction\":[{\"@type\":\"ReadAction\",\"target\":[\"https:\/\/aepetba.org.br\/v1\/agenda\/\"]}]},{\"@type\":\"BreadcrumbList\",\"@id\":\"https:\/\/aepetba.org.br\/v1\/agenda\/#breadcrumb\",\"itemListElement\":[{\"@type\":\"ListItem\",\"position\":1,\"name\":\"In\u00edcio\",\"item\":\"https:\/\/aepetba.org.br\/v1\/\"},{\"@type\":\"ListItem\",\"position\":2,\"name\":\"AGENDA AEPET BAHIA\"}]}]}<\/script>\n<!-- \/ Yoast SEO plugin. -->","yoast_head_json":{"title":"AGENDA AEPET BAHIA - AEPET N\u00daCLEO BAHIA","robots":{"index":"index","follow":"follow","max-snippet":"max-snippet:-1","max-image-preview":"max-image-preview:large","max-video-preview":"max-video-preview:-1"},"canonical":"https:\/\/aepetba.org.br\/v1\/agenda\/","og_locale":"pt_BR","og_type":"article","og_title":"AGENDA AEPET BAHIA - AEPET N\u00daCLEO BAHIA","og_description":"[vc_row][vc_column][vc_raw_html]JTNDaWZyYW1lJTIwc3JjJTNEJTIyaHR0cHMlM0ElMkYlMkZjYWxlbmRhci5nb29nbGUuY29tJTJGY2FsZW5kYXIlMkZlbWJlZCUzRmhlaWdodCUzRDcwMCUyNmFtcCUzQndrc3QlM0QyJTI2YW1wJTNCYmdjb2xvciUzRCUyNTIzZmZmZmZmJTI2YW1wJTNCY3R6JTNEQW1lcmljYSUyNTJGQmFoaWElMjZhbXAlM0JzcmMlM0RiVFp0YUhKbmNYWnBkbWhzWlRkemFuRjFNbTl6WjJKd1oyZEFaM0p2ZFhBdVkyRnNaVzVrWVhJdVoyOXZaMnhsTG1OdmJRJTI2YW1wJTNCc3JjJTNEY0hRdFluSXVZbkpoZW1sc2FXRnVJMmh2Ykdsa1lYbEFaM0p2ZFhBdWRpNWpZV3hsYm1SaGNpNW5iMjluYkdVdVkyOXQlMjZhbXAlM0Jjb2xvciUzRCUyNTIzMDA5Njg4JTI2YW1wJTNCY29sb3IlM0QlMjUyMzYxNjE2MSUyNmFtcCUzQnNob3dOYXYlM0QxJTI2YW1wJTNCc2hvd1ByaW50JTNEMSUyNmFtcCUzQnNob3dDYWxlbmRhcnMlM0QwJTI2YW1wJTNCc2hvd1RhYnMlM0QwJTI2YW1wJTNCbW9kZSUzRFdFRUslMjIlMjBzdHlsZSUzRCUyMmJvcmRlci13aWR0aCUzQTAlMjIlMjB3aWR0aCUzRCUyMjgwMCUyMiUyMGhlaWdodCUzRCUyMjcwMCUyMiUyMGZyYW1lYm9yZGVyJTNEJTIyMCUyMiUyMHNjcm9sbGluZyUzRCUyMm5vJTIyJTNFJTNDJTJGaWZyYW1lJTNF[\/vc_raw_html][\/vc_column][\/vc_row]","og_url":"https:\/\/aepetba.org.br\/v1\/agenda\/","og_site_name":"AEPET N\u00daCLEO BAHIA","article_publisher":"https:\/\/web.facebook.com\/aepetba","article_modified_time":"2023-03-07T18:29:50+00:00","twitter_card":"summary_large_image","twitter_site":"@aepetbahia","twitter_misc":{"Est. tempo de leitura":"1 minuto"},"schema":{"@context":"https:\/\/schema.org","@graph":[{"@type":"Organization","@id":"https:\/\/aepetba.org.br\/v1\/#organization","name":"AEPET N\u00facleo Bahia","url":"https:\/\/aepetba.org.br\/v1\/","sameAs":["https:\/\/www.instagram.com\/aepetbahia\/","https:\/\/www.youtube.com\/c\/AEPETBAHIA","https:\/\/web.facebook.com\/aepetba","https:\/\/twitter.com\/aepetbahia"],"logo":{"@type":"ImageObject","inLanguage":"pt-BR","@id":"https:\/\/aepetba.org.br\/v1\/#\/schema\/logo\/image\/","url":"https:\/\/aepetba.org.br\/v1\/wp-content\/uploads\/revslider\/home\/logo-AEPETBA.png","contentUrl":"https:\/\/aepetba.org.br\/v1\/wp-content\/uploads\/revslider\/home\/logo-AEPETBA.png","width":297,"height":86,"caption":"AEPET N\u00facleo Bahia"},"image":{"@id":"https:\/\/aepetba.org.br\/v1\/#\/schema\/logo\/image\/"}},{"@type":"WebSite","@id":"https:\/\/aepetba.org.br\/v1\/#website","url":"https:\/\/aepetba.org.br\/v1\/","name":"AEPET N\u00daCLEO BAHIA","description":"Associa\u00e7\u00e3o dos Engenheiros da Petrobr\u00e1s N\u00facleo Bahia Petr\u00f3leo Bahia Salvador Nordeste ","publisher":{"@id":"https:\/\/aepetba.org.br\/v1\/#organization"},"potentialAction":[{"@type":"SearchAction","target":{"@type":"EntryPoint","urlTemplate":"https:\/\/aepetba.org.br\/v1\/?s={search_term_string}"},"query-input":"required name=search_term_string"}],"inLanguage":"pt-BR"},{"@type":"WebPage","@id":"https:\/\/aepetba.org.br\/v1\/agenda\/","url":"https:\/\/aepetba.org.br\/v1\/agenda\/","name":"AGENDA AEPET BAHIA - AEPET N\u00daCLEO BAHIA","isPartOf":{"@id":"https:\/\/aepetba.org.br\/v1\/#website"},"datePublished":"2021-08-10T17:02:46+00:00","dateModified":"2023-03-07T18:29:50+00:00","breadcrumb":{"@id":"https:\/\/aepetba.org.br\/v1\/agenda\/#breadcrumb"},"inLanguage":"pt-BR","potentialAction":[{"@type":"ReadAction","target":["https:\/\/aepetba.org.br\/v1\/agenda\/"]}]},{"@type":"BreadcrumbList","@id":"https:\/\/aepetba.org.br\/v1\/agenda\/#breadcrumb","itemListElement":[{"@type":"ListItem","position":1,"name":"In\u00edcio","item":"https:\/\/aepetba.org.br\/v1\/"},{"@type":"ListItem","position":2,"name":"AGENDA AEPET BAHIA"}]}]}},"_links":{"self":[{"href":"https:\/\/aepetba.org.br\/v1\/wp-json\/wp\/v2\/pages\/36476"}],"collection":[{"href":"https:\/\/aepetba.org.br\/v1\/wp-json\/wp\/v2\/pages"}],"about":[{"href":"https:\/\/aepetba.org.br\/v1\/wp-json\/wp\/v2\/types\/page"}],"author":[{"embeddable":true,"href":"https:\/\/aepetba.org.br\/v1\/wp-json\/wp\/v2\/users\/1"}],"replies":[{"embeddable":true,"href":"https:\/\/aepetba.org.br\/v1\/wp-json\/wp\/v2\/comments?post=36476"}],"version-history":[{"count":6,"href":"https:\/\/aepetba.org.br\/v1\/wp-json\/wp\/v2\/pages\/36476\/revisions"}],"predecessor-version":[{"id":40018,"href":"https:\/\/aepetba.org.br\/v1\/wp-json\/wp\/v2\/pages\/36476\/revisions\/40018"}],"wp:attachment":[{"href":"https:\/\/aepetba.org.br\/v1\/wp-json\/wp\/v2\/media?parent=36476"}],"curies":[{"name":"wp","href":"https:\/\/api.w.org\/{rel}","templated":true}]}}