{"id":706,"date":"2012-04-12T11:32:04","date_gmt":"2012-04-12T14:32:04","guid":{"rendered":"http:\/\/aepetba.org.br\/web\/?page_id=706"},"modified":"2024-10-17T15:00:23","modified_gmt":"2024-10-17T18:00:23","slug":"associe-se-ja","status":"publish","type":"page","link":"https:\/\/aepetba.org.br\/v1\/associe-se-ja\/","title":{"rendered":"ASSOCIE-SE \u00c0 AEPET BAHIA"},"content":{"rendered":"<p>[vc_row][vc_column][vc_single_image image=&#8221;34893&#8243; img_size=&#8221;full&#8221;][vc_column_text]<\/p>\n<h3 style=\"font-weight: 400;\">Seja um (a) Associado (a)!<\/h3>\n<h3 style=\"font-weight: 400;\">Junte-se a n\u00f3s nessa luta pelos seus direitos, pela PETROBR\u00c1S, PETROS e AMS.<\/h3>\n<p>[\/vc_column_text][vc_column_text]<\/p>\n<h1><strong style=\"color: #ff0000;\">CONVITE:<\/strong><\/h1>\n<p>Ol\u00e1!<\/p>\n<p style=\"font-weight: 400;\">Somos a AEPET N\u00daCLEO BAHIA \u2013 entidade que atua em defesa dos interesses e direitos trabalhistas dos s\u00f3cios ativos e aposentados do Sistema Petrobr\u00e1s. Participe das nossas a\u00e7\u00f5es e atividades que visam a defesa da Petrobr\u00e1s, PETROS e AMS.<\/p>\n<p style=\"font-weight: 400;\">Associe-se para defender seus interesses em conjunto e aproveitar dos benef\u00edcios!<\/p>\n<p style=\"font-weight: 400;\"><strong>Lembrando que para se associar, o trabalhador ativo ou aposentado da Petrobr\u00e1s deve apresentar a c\u00f3pia do diploma junto com a ficha de inscri\u00e7\u00e3o preenchida e assinada.<\/strong><\/p>\n<p>Abra a FICHA DE INSCRI\u00c7\u00c3O em PDF, imprima o arquivo, preencha, assine, digitalize e <strong>anexe ao formul\u00e1rio de inscri\u00e7\u00e3o<\/strong>.<\/p>\n<p style=\"font-weight: 400;\">O Formul\u00e1rio deve ser preenchido completamente!<\/p>\n<p style=\"font-weight: 400;\">D\u00favidas? Pode enviar mensagem para nosso e-mail <a href=\"mailto:bahia@aepet.org.br\">bahia@aepet.org.br<\/a><\/p>\n<p>[\/vc_column_text][vc_empty_space][\/vc_column][\/vc_row][vc_row][vc_column width=&#8221;1\/2&#8243;][vc_single_image image=&#8221;37888&#8243; img_size=&#8221;full&#8221;][\/vc_column][vc_column width=&#8221;1\/2&#8243;][vc_tta_accordion color=&#8221;sky&#8221; active_section=&#8221;99&#8243; title=&#8221;ESCOLHA SEU STATUS NA PETROBR\u00c1S&#8221;][vc_tta_section i_icon_fontawesome=&#8221;fa fa-user-circle-o&#8221; add_icon=&#8221;true&#8221; title=&#8221;EMPREGADO PETROBR\u00c1S ATIVO&#8221; tab_id=&#8221;1648741391573-3d030c06-140f&#8221;][vc_btn title=&#8221;FICHA DE INSCRI\u00c7\u00c3O EM PDF PARA IMPRESS\u00c3O E ASSINATURA<br \/>\nEmpregado Ativo&#8221; style=&#8221;classic&#8221; color=&#8221;peacoc&#8221; align=&#8221;center&#8221; i_icon_fontawesome=&#8221;fa fa-file-pdf-o&#8221; add_icon=&#8221;true&#8221; link=&#8221;url:https%3A%2F%2Faepetba.org.br%2Fv1%2Fwp-content%2Fuploads%2F2020%2F07%2FAtivos.pdf|title:Para%20Impress%C3%A3o|target:%20_blank|&#8221;][vc_empty_space height=&#8221;15px&#8221;][vc_btn title=&#8221;FORMUL\u00c1RIO DE INSCRI\u00c7\u00c3O<br \/>\nEmpregado Ativo&#8221; style=&#8221;classic&#8221; color=&#8221;primary&#8221; align=&#8221;center&#8221; link=&#8221;url:http%3A%2F%2Faepetba.org.br%2Fv1%2Fassociado-ativo%2F|||&#8221;][\/vc_tta_section][vc_tta_section i_icon_fontawesome=&#8221;fa fa-user-circle-o&#8221; add_icon=&#8221;true&#8221; title=&#8221;EMPREGADO PETROBR\u00c1S APOSENTADO&#8221; tab_id=&#8221;1648741391652-a4c5710e-82c2&#8243;][vc_btn title=&#8221;FICHA DE INSCRI\u00c7\u00c3O EM PDF Empregado Aposentado IMPRESS\u00c3O E ASSINATURA&#8221; style=&#8221;classic&#8221; color=&#8221;peacoc&#8221; align=&#8221;center&#8221; i_icon_fontawesome=&#8221;fa fa-file-pdf-o&#8221; add_icon=&#8221;true&#8221; link=&#8221;url:https%3A%2F%2Faepetba.org.br%2Fv1%2Fwp-content%2Fuploads%2F2020%2F07%2FAposentados.pdf|title:Para%20Impress%C3%A3o|target:%20_blank|&#8221;][vc_empty_space height=&#8221;15px&#8221;][vc_btn title=&#8221;FORMUL\u00c1RIO DE INSCRI\u00c7\u00c3O<br \/>\nEmpregado Aposentado&#8221; style=&#8221;classic&#8221; color=&#8221;primary&#8221; align=&#8221;center&#8221; link=&#8221;url:http%3A%2F%2Faepetba.org.br%2Fv1%2Fassociado-aposentado%2F|||&#8221;][\/vc_tta_section][\/vc_tta_accordion][\/vc_column][\/vc_row][vc_row][vc_column][\/vc_column][\/vc_row]<\/p>\n","protected":false},"excerpt":{"rendered":"<p>[vc_row][vc_column][vc_single_image image=&#8221;34893&#8243; img_size=&#8221;full&#8221;][vc_column_text] Seja um (a) Associado (a)! Junte-se a n\u00f3s nessa luta pelos seus direitos, pela PETROBR\u00c1S, PETROS e AMS. [\/vc_column_text][vc_column_text] CONVITE: Ol\u00e1! Somos a AEPET N\u00daCLEO BAHIA \u2013 entidade que atua em defesa dos interesses e direitos trabalhistas&#8230;<\/p>\n","protected":false},"author":1,"featured_media":0,"parent":0,"menu_order":1,"comment_status":"open","ping_status":"closed","template":"","meta":[],"yoast_head":"<!-- This site is optimized with the Yoast SEO plugin v19.3 - https:\/\/yoast.com\/wordpress\/plugins\/seo\/ -->\n<title>ASSOCIE-SE \u00c0 AEPET BAHIA - AEPET N\u00daCLEO BAHIA<\/title>\n<meta name=\"robots\" content=\"index, follow, max-snippet:-1, max-image-preview:large, max-video-preview:-1\" \/>\n<link rel=\"canonical\" href=\"https:\/\/aepetba.org.br\/v1\/associe-se-ja\/\" \/>\n<meta property=\"og:locale\" content=\"pt_BR\" \/>\n<meta property=\"og:type\" content=\"article\" \/>\n<meta property=\"og:title\" content=\"ASSOCIE-SE \u00c0 AEPET BAHIA - AEPET N\u00daCLEO BAHIA\" \/>\n<meta property=\"og:description\" content=\"[vc_row][vc_column][vc_single_image image=&#8221;34893&#8243; img_size=&#8221;full&#8221;][vc_column_text] Seja um (a) Associado (a)! Junte-se a n\u00f3s nessa luta pelos seus direitos, pela PETROBR\u00c1S, PETROS e AMS. [\/vc_column_text][vc_column_text] CONVITE: Ol\u00e1! Somos a AEPET N\u00daCLEO BAHIA \u2013 entidade que atua em defesa dos interesses e direitos trabalhistas...\" \/>\n<meta property=\"og:url\" content=\"https:\/\/aepetba.org.br\/v1\/associe-se-ja\/\" \/>\n<meta property=\"og:site_name\" content=\"AEPET N\u00daCLEO BAHIA\" \/>\n<meta property=\"article:publisher\" content=\"https:\/\/web.facebook.com\/aepetba\" \/>\n<meta property=\"article:modified_time\" content=\"2024-10-17T18:00:23+00:00\" \/>\n<meta name=\"twitter:card\" content=\"summary_large_image\" \/>\n<meta name=\"twitter:site\" content=\"@aepetbahia\" \/>\n<meta name=\"twitter:label1\" content=\"Est. tempo de leitura\" \/>\n\t<meta name=\"twitter:data1\" content=\"2 minutos\" \/>\n<script type=\"application\/ld+json\" class=\"yoast-schema-graph\">{\"@context\":\"https:\/\/schema.org\",\"@graph\":[{\"@type\":\"Organization\",\"@id\":\"https:\/\/aepetba.org.br\/v1\/#organization\",\"name\":\"AEPET N\u00facleo Bahia\",\"url\":\"https:\/\/aepetba.org.br\/v1\/\",\"sameAs\":[\"https:\/\/www.instagram.com\/aepetbahia\/\",\"https:\/\/www.youtube.com\/c\/AEPETBAHIA\",\"https:\/\/web.facebook.com\/aepetba\",\"https:\/\/twitter.com\/aepetbahia\"],\"logo\":{\"@type\":\"ImageObject\",\"inLanguage\":\"pt-BR\",\"@id\":\"https:\/\/aepetba.org.br\/v1\/#\/schema\/logo\/image\/\",\"url\":\"https:\/\/aepetba.org.br\/v1\/wp-content\/uploads\/revslider\/home\/logo-AEPETBA.png\",\"contentUrl\":\"https:\/\/aepetba.org.br\/v1\/wp-content\/uploads\/revslider\/home\/logo-AEPETBA.png\",\"width\":297,\"height\":86,\"caption\":\"AEPET N\u00facleo Bahia\"},\"image\":{\"@id\":\"https:\/\/aepetba.org.br\/v1\/#\/schema\/logo\/image\/\"}},{\"@type\":\"WebSite\",\"@id\":\"https:\/\/aepetba.org.br\/v1\/#website\",\"url\":\"https:\/\/aepetba.org.br\/v1\/\",\"name\":\"AEPET N\u00daCLEO BAHIA\",\"description\":\"Associa\u00e7\u00e3o dos Engenheiros da Petrobr\u00e1s N\u00facleo Bahia Petr\u00f3leo Bahia Salvador Nordeste \",\"publisher\":{\"@id\":\"https:\/\/aepetba.org.br\/v1\/#organization\"},\"potentialAction\":[{\"@type\":\"SearchAction\",\"target\":{\"@type\":\"EntryPoint\",\"urlTemplate\":\"https:\/\/aepetba.org.br\/v1\/?s={search_term_string}\"},\"query-input\":\"required name=search_term_string\"}],\"inLanguage\":\"pt-BR\"},{\"@type\":\"WebPage\",\"@id\":\"https:\/\/aepetba.org.br\/v1\/associe-se-ja\/\",\"url\":\"https:\/\/aepetba.org.br\/v1\/associe-se-ja\/\",\"name\":\"ASSOCIE-SE \u00c0 AEPET BAHIA - AEPET N\u00daCLEO BAHIA\",\"isPartOf\":{\"@id\":\"https:\/\/aepetba.org.br\/v1\/#website\"},\"datePublished\":\"2012-04-12T14:32:04+00:00\",\"dateModified\":\"2024-10-17T18:00:23+00:00\",\"breadcrumb\":{\"@id\":\"https:\/\/aepetba.org.br\/v1\/associe-se-ja\/#breadcrumb\"},\"inLanguage\":\"pt-BR\",\"potentialAction\":[{\"@type\":\"ReadAction\",\"target\":[\"https:\/\/aepetba.org.br\/v1\/associe-se-ja\/\"]}]},{\"@type\":\"BreadcrumbList\",\"@id\":\"https:\/\/aepetba.org.br\/v1\/associe-se-ja\/#breadcrumb\",\"itemListElement\":[{\"@type\":\"ListItem\",\"position\":1,\"name\":\"In\u00edcio\",\"item\":\"https:\/\/aepetba.org.br\/v1\/\"},{\"@type\":\"ListItem\",\"position\":2,\"name\":\"ASSOCIE-SE \u00c0 AEPET BAHIA\"}]}]}<\/script>\n<!-- \/ Yoast SEO plugin. -->","yoast_head_json":{"title":"ASSOCIE-SE \u00c0 AEPET BAHIA - AEPET N\u00daCLEO BAHIA","robots":{"index":"index","follow":"follow","max-snippet":"max-snippet:-1","max-image-preview":"max-image-preview:large","max-video-preview":"max-video-preview:-1"},"canonical":"https:\/\/aepetba.org.br\/v1\/associe-se-ja\/","og_locale":"pt_BR","og_type":"article","og_title":"ASSOCIE-SE \u00c0 AEPET BAHIA - AEPET N\u00daCLEO BAHIA","og_description":"[vc_row][vc_column][vc_single_image image=&#8221;34893&#8243; img_size=&#8221;full&#8221;][vc_column_text] Seja um (a) Associado (a)! Junte-se a n\u00f3s nessa luta pelos seus direitos, pela PETROBR\u00c1S, PETROS e AMS. [\/vc_column_text][vc_column_text] CONVITE: Ol\u00e1! Somos a AEPET N\u00daCLEO BAHIA \u2013 entidade que atua em defesa dos interesses e direitos trabalhistas...","og_url":"https:\/\/aepetba.org.br\/v1\/associe-se-ja\/","og_site_name":"AEPET N\u00daCLEO BAHIA","article_publisher":"https:\/\/web.facebook.com\/aepetba","article_modified_time":"2024-10-17T18:00:23+00:00","twitter_card":"summary_large_image","twitter_site":"@aepetbahia","twitter_misc":{"Est. tempo de leitura":"2 minutos"},"schema":{"@context":"https:\/\/schema.org","@graph":[{"@type":"Organization","@id":"https:\/\/aepetba.org.br\/v1\/#organization","name":"AEPET N\u00facleo Bahia","url":"https:\/\/aepetba.org.br\/v1\/","sameAs":["https:\/\/www.instagram.com\/aepetbahia\/","https:\/\/www.youtube.com\/c\/AEPETBAHIA","https:\/\/web.facebook.com\/aepetba","https:\/\/twitter.com\/aepetbahia"],"logo":{"@type":"ImageObject","inLanguage":"pt-BR","@id":"https:\/\/aepetba.org.br\/v1\/#\/schema\/logo\/image\/","url":"https:\/\/aepetba.org.br\/v1\/wp-content\/uploads\/revslider\/home\/logo-AEPETBA.png","contentUrl":"https:\/\/aepetba.org.br\/v1\/wp-content\/uploads\/revslider\/home\/logo-AEPETBA.png","width":297,"height":86,"caption":"AEPET N\u00facleo Bahia"},"image":{"@id":"https:\/\/aepetba.org.br\/v1\/#\/schema\/logo\/image\/"}},{"@type":"WebSite","@id":"https:\/\/aepetba.org.br\/v1\/#website","url":"https:\/\/aepetba.org.br\/v1\/","name":"AEPET N\u00daCLEO BAHIA","description":"Associa\u00e7\u00e3o dos Engenheiros da Petrobr\u00e1s N\u00facleo Bahia Petr\u00f3leo Bahia Salvador Nordeste ","publisher":{"@id":"https:\/\/aepetba.org.br\/v1\/#organization"},"potentialAction":[{"@type":"SearchAction","target":{"@type":"EntryPoint","urlTemplate":"https:\/\/aepetba.org.br\/v1\/?s={search_term_string}"},"query-input":"required name=search_term_string"}],"inLanguage":"pt-BR"},{"@type":"WebPage","@id":"https:\/\/aepetba.org.br\/v1\/associe-se-ja\/","url":"https:\/\/aepetba.org.br\/v1\/associe-se-ja\/","name":"ASSOCIE-SE \u00c0 AEPET BAHIA - AEPET N\u00daCLEO BAHIA","isPartOf":{"@id":"https:\/\/aepetba.org.br\/v1\/#website"},"datePublished":"2012-04-12T14:32:04+00:00","dateModified":"2024-10-17T18:00:23+00:00","breadcrumb":{"@id":"https:\/\/aepetba.org.br\/v1\/associe-se-ja\/#breadcrumb"},"inLanguage":"pt-BR","potentialAction":[{"@type":"ReadAction","target":["https:\/\/aepetba.org.br\/v1\/associe-se-ja\/"]}]},{"@type":"BreadcrumbList","@id":"https:\/\/aepetba.org.br\/v1\/associe-se-ja\/#breadcrumb","itemListElement":[{"@type":"ListItem","position":1,"name":"In\u00edcio","item":"https:\/\/aepetba.org.br\/v1\/"},{"@type":"ListItem","position":2,"name":"ASSOCIE-SE \u00c0 AEPET BAHIA"}]}]}},"_links":{"self":[{"href":"https:\/\/aepetba.org.br\/v1\/wp-json\/wp\/v2\/pages\/706"}],"collection":[{"href":"https:\/\/aepetba.org.br\/v1\/wp-json\/wp\/v2\/pages"}],"about":[{"href":"https:\/\/aepetba.org.br\/v1\/wp-json\/wp\/v2\/types\/page"}],"author":[{"embeddable":true,"href":"https:\/\/aepetba.org.br\/v1\/wp-json\/wp\/v2\/users\/1"}],"replies":[{"embeddable":true,"href":"https:\/\/aepetba.org.br\/v1\/wp-json\/wp\/v2\/comments?post=706"}],"version-history":[{"count":21,"href":"https:\/\/aepetba.org.br\/v1\/wp-json\/wp\/v2\/pages\/706\/revisions"}],"predecessor-version":[{"id":45380,"href":"https:\/\/aepetba.org.br\/v1\/wp-json\/wp\/v2\/pages\/706\/revisions\/45380"}],"wp:attachment":[{"href":"https:\/\/aepetba.org.br\/v1\/wp-json\/wp\/v2\/media?parent=706"}],"curies":[{"name":"wp","href":"https:\/\/api.w.org\/{rel}","templated":true}]}}